{"id":8339,"date":"2016-09-20T18:54:36","date_gmt":"2016-09-20T16:54:36","guid":{"rendered":"http:\/\/windeurope.org\/workshops\/?page_id=8339"},"modified":"2016-11-21T11:46:07","modified_gmt":"2016-11-21T10:46:07","slug":"venue-travel-and-accommodation","status":"publish","type":"page","link":"https:\/\/windeurope.org\/workshops\/wind-turbine-sound-2016\/venue-travel-and-accommodation\/","title":{"rendered":"Venue, Travel and Accommodation"},"content":{"rendered":"<h2>Workshop venue<\/h2>\n<p><a href=\"http:\/\/www.ecs.gda.pl\/title,Jezyk,pid,21,lang,2.html\">European Solidarity Centre<\/a><br \/>\n<a href=\"https:\/\/www.google.be\/maps\/place\/Europejskie+Centrum+Solidarno%C5%9Bci\/@54.361253,18.6494423,15z\/data=!4m5!3m4!1s0x0:0xe2010c5f4e6145ad!8m2!3d54.361253!4d18.6494423?sa=X&amp;ved=0ahUKEwiXrabA8-PNAhUmOsAKHWkhCp4Q_BIIlAEwCg\">Plac Solidarno\u015bci 1, 80-863 Gda\u0144sk, Poland<\/a><\/p>\n<p>WindEurope Wind Turbine Sound 2016 technology workshop took place on 17-18 November 2016 at the European Solidarity Centre in Gda\u0144sk, Poland.<\/p>\n<div>\n<div id=\"attachment_8371\" style=\"width: 700px\" class=\"wp-caption alignnone\"><a href=\"https:\/\/en.wikipedia.org\/wiki\/File:Europejskie_Centrum_Solidarno%C5%9Bci_ECS4.JPG\"><img loading=\"lazy\" decoding=\"async\" aria-describedby=\"caption-attachment-8371\" class=\"alignnone size-full wp-image-8371\" src=\"https:\/\/windeurope.org\/workshops\/wp-content\/uploads\/Europejskie_Centrum_Solidarnos\u0301ci_ECS4.jpg\" alt=\"europejskie_centrum_solidarnosci_ecs4\" width=\"690\" height=\"462\" srcset=\"https:\/\/windeurope.org\/workshops\/wp-content\/uploads\/Europejskie_Centrum_Solidarnos\u0301ci_ECS4.jpg 690w, https:\/\/windeurope.org\/workshops\/wp-content\/uploads\/Europejskie_Centrum_Solidarnos\u0301ci_ECS4-400x268.jpg 400w\" sizes=\"(max-width: 690px) 100vw, 690px\" \/><\/a><p id=\"caption-attachment-8371\" class=\"wp-caption-text\">Photo: The European Solidarity Centre<\/p><\/div>\n<\/div>\n<p style=\"text-align: justify;\">The European Solidarity Centre (Europejskie Centrum Solidarno\u015bci) is a museum and library in Gda\u0144sk, Poland, devoted to the history of Solidarity, the Polish trade union and civil resistance movement.<\/p>\n<p style=\"text-align: justify;\">The design of the building, by Polish firm FORT Architects, was the winner of an international competition held in 2007. The centre opened on 31 August 2014 and contains a research and academic centre and conducts educational activities, as well as providing space for conferences and temporary exhibitions.<\/p>\n<h3>Directions<\/h3>\n<p><strong>European Solidarity Centre<\/strong><\/p>\n<p><a href=\"https:\/\/www.google.be\/maps\/place\/Europejskie+Centrum+Solidarno%C5%9Bci\/@54.361253,18.6494423,15z\/data=!4m5!3m4!1s0x0:0xe2010c5f4e6145ad!8m2!3d54.361253!4d18.6494423?sa=X&amp;ved=0ahUKEwiXrabA8-PNAhUmOsAKHWkhCp4Q_BIIlAEwCg\">Plac Solidarno\u015bci 1, 80-863 Gda\u0144sk, Poland<\/a><\/p>\n<p>Telephone: +48 58 772 41 12<\/p>\n<p>web: <a href=\"http:\/\/www.ecs.gda.pl\">http:\/\/www.ecs.gda.pl<\/a><\/p>\n<p>email: <a href=\"mailto:ecs@ecs.gda.pl\">ecs@ecs.gda.pl<\/a><\/p>\n<p>&nbsp;<\/p>\n<hr class=\"show\" \/>\n<h3>Getting there<em><strong><br \/>\n<\/strong><\/em><\/h3>\n<p><em><strong>From the airport<br \/>\n<\/strong><\/em><\/p>\n<p style=\"text-align: justify;\">You may take a direct flight from several European cities: Brussels (CRL airport), Copenhagen (CPH), Frankfurt (FRA), London (STN). The &#8220;Gda\u0144sk Lech Walesa&#8221; (GDN) airport is 16km west of Gda\u0144sk centre.<\/p>\n<p style=\"text-align: justify;\"><strong>Taxi<\/strong><\/p>\n<p style=\"text-align: justify;\">A taxi from the rank in front of the terminal should cost about 60-70z\u0142 (approx. EUR 14).<\/p>\n<p style=\"text-align: justify;\"><strong>Bus<\/strong><\/p>\n<p style=\"text-align: justify;\">Taking a bus from the airport to the city is the cheapest option. Bus line 210 of ZTM Gdansk\u00a0takes 40 minutes to get from Gdansk Airport (Port Lotniczy) to the main railway station of Gdansk (Dworzec Gl\u00f3wny). Both the venue and the suggested hotel are within 7-10 minutes from this station.<\/p>\n<p style=\"text-align: justify;\"><a title=\"Bus line 210 Gdansk\" href=\"http:\/\/www.ztm.gda.pl\/rozklady\/linia-210.html\" target=\"_blank\">Bus line 210<\/a> departs every 30 minutes on weekdays and every 60 minutes on Saturdays, Sundays and public holidays. A ticket costs 3z\u0142 and is available from the ticket machine at the Gdansk Airport bus stop.<\/p>\n<p style=\"text-align: justify;\"><em><strong>Onsite<\/strong><\/em><\/p>\n<p style=\"text-align: justify;\"><strong>Tram<em><br \/>\n<\/em><\/strong><\/p>\n<p style=\"text-align: justify;\">Stop: &#8220;Plac Solidarno\u015bci&#8221; (Solidarity Square); on lines 1, 7, 8, 10, or 12<\/p>\n<p style=\"text-align: justify;\"><strong>Taxi<\/strong><br \/>\n<a href=\"http:\/\/www.inyourpocket.com\/gdansk\/Neptun-Taxi-Gdansk_16126v\">Neptun Taxi<\/a> is the official taxi firm. Look out for their cars with the 19686 logo on the side.<\/p>\n<p style=\"text-align: justify;\">Source and more info:<\/p>\n<p style=\"text-align: justify;\"><a href=\"http:\/\/www.ecs.gda.pl\/title,How_to_get_here,pid,109.html\">http:\/\/www.ecs.gda.pl\/title,How_to_get_here,pid,109.html<\/a><\/p>\n<p style=\"text-align: justify;\"><a href=\"http:\/\/www.airportsineurope.com\/airports\/gdansk-airport\/\">http:\/\/www.airportsineurope.com\/airports\/gdansk-airport\/<\/a><\/p>\n<hr class=\"show\" \/>\n<div id=\"attachment_8345\" style=\"width: 160px\" class=\"wp-caption alignright\"><a href=\"https:\/\/commons.wikimedia.org\/wiki\/File:Hotel_Mercure_Gda%C5%84sk_Stare_Miasto_i_pomnik_Heweliusza.JPG\"><img loading=\"lazy\" decoding=\"async\" aria-describedby=\"caption-attachment-8345\" class=\"alignnone size-thumbnail wp-image-8374\" src=\"https:\/\/windeurope.org\/workshops\/wp-content\/uploads\/Hotel_Mercure_Gdan\u0301sk_Stare_Miasto_i_pomnik_Heweliusza-150x150.jpg\" alt=\"hotel_mercure_gdansk_stare_miasto_i_pomnik_heweliusza\" width=\"150\" height=\"150\" \/><\/a><p id=\"caption-attachment-8345\" class=\"wp-caption-text\">Photo: Hotel Mercure Gda\u0144sk Stare Miasto<\/p><\/div>\n<h3 style=\"text-align: justify;\">Accommodation<\/h3>\n<p style=\"text-align: justify;\">WindEurope arranged special rates for workshop participants at <a href=\"http:\/\/www.mercure.com\/en\/hotel-3390-mercure-gdansk-stare-miasto\/index.shtml\">Hotel Mercure Gdansk Stare Miasto<\/a>, conveniently located in the center of the city, and within a 7 minute walk to the workshop venue:<\/p>\n<ul>\n<li style=\"text-align: justify;\">single room with breakfast included: 255 PLN \/ per 1 night \/ taxes included<\/li>\n<li style=\"text-align: justify;\">double room with breakfast included: 295 PLN \/ per 1 night \/ taxes included<\/li>\n<\/ul>\n<p style=\"text-align: justify;\">To book your room and benefit from this special rate, please follow the instructions below:<br \/>\n&#8211; send an email to <a href=\"mailto:H3390@ACCOR.COM?subject=WindEurope Gdansk\">H3390@ACCOR.COM<\/a> with a subject line <strong>&#8216;WindEurope Gdansk&#8217;<\/strong>, in which you specify the number and type of room you would like to book.<br \/>\n&#8211; the hotel will reply with a confirmation and will ask guests to guarantee their reservations by credit card authorizations or bank prepayment.<\/p>\n<p class=\"city\">The address is Jana Heweliusza 22, 80-890 Gdansk.<\/p>\n<hr class=\"show\" \/>\n<h3 style=\"text-align: justify;\">About Gdansk &#8211; To do and to see<\/h3>\n<div style=\"width: 307px\" class=\"wp-caption alignright\"><a href=\"https:\/\/commons.wikimedia.org\/wiki\/File:Hans_Memling_-_Last_Judgment_Triptych_(open)_-_WGA14829.jpg\"><img loading=\"lazy\" decoding=\"async\" src=\"https:\/\/upload.wikimedia.org\/wikipedia\/commons\/9\/9b\/Hans_Memling_-_Last_Judgment_Triptych_(open)_-_WGA14829.jpg\" width=\"297\" height=\"200\" \/><\/a><p class=\"wp-caption-text\">The Last Judgment by Hans Memling<\/p><\/div>\n<p style=\"text-align: justify;\"><strong>Gda\u0144sk<\/strong> is one of Poland&#8217;s oldest cities with a history going back a thousand years. It has an important place in Polish consciousness as the location of the start of World War II and where the fall of Communism in Central Europe began. This is where the famous Solidarity movement started.<\/p>\n<p style=\"text-align: justify;\">In the <strong>National Museum<\/strong> you can see a collection of paintings, the most famous of which is The Last Judgment by Hans Memling.<\/p>\n<p style=\"text-align: justify;\">The <strong>Wrzeszcz District<\/strong> has an atmosphere from the late 19th and early 20th century, including eclectic houses and Vienna Secession-style villas.<\/p>\n<div style=\"width: 163px\" class=\"wp-caption alignleft\"><a href=\"https:\/\/commons.wikimedia.org\/wiki\/File:Kamienica_Gda%C5%84sk,_ul._D%C5%82uga_12_by_AW.jpg\"><img loading=\"lazy\" decoding=\"async\" class=\"\" src=\"https:\/\/upload.wikimedia.org\/wikipedia\/commons\/thumb\/5\/5f\/Kamienica_Gda%C5%84sk%2C_ul._D%C5%82uga_12_by_AW.jpg\/317px-Kamienica_Gda%C5%84sk%2C_ul._D%C5%82uga_12_by_AW.jpg\" width=\"153\" height=\"289\" \/><\/a><p class=\"wp-caption-text\">Uphagen House<\/p><\/div>\n<p style=\"text-align: justify;\">The life of Gda\u0144sk&#8217;s citizens is displayed at exhibitions in the Gda\u0144sk History Museum, the <strong>Artus Court<\/strong> and the <strong>Uphagen House<\/strong>, where you can admire the wealth and splendour of the apartments of Gda\u0144sk&#8217;s patricians.<\/p>\n<p style=\"text-align: justify;\">If you are interested in the history of maritime culture, come to the <strong>Central Maritime Museum<\/strong>.<\/p>\n<p style=\"text-align: justify;\">Source: <a href=\"http:\/\/www.poland.travel\/en\/gdansk\">www.poland.travel\/en\/gdansk<\/a><\/p>\n","protected":false},"excerpt":{"rendered":"<p>Workshop venue European Solidarity Centre Plac Solidarno\u015bci 1, 80-863 Gda\u0144sk, Poland WindEurope Wind Turbine Sound 2016 technology workshop took place on 17-18 November 2016 at the European Solidarity Centre in Gda\u0144sk, Poland. The European Solidarity Centre (Europejskie Centrum Solidarno\u015bci) is a museum and library in Gda\u0144sk, Poland, devoted to the history of Solidarity, the Polish [&hellip;]<\/p>\n","protected":false},"author":15,"featured_media":0,"parent":7592,"menu_order":8,"comment_status":"closed","ping_status":"closed","template":"","meta":{"footnotes":""},"class_list":["post-8339","page","type-page","status-publish","hentry"],"yoast_head":"<!-- This site is optimized with the Yoast SEO plugin v23.3 - https:\/\/yoast.com\/wordpress\/plugins\/seo\/ -->\n<title>Venue, Travel and Accommodation - WindEurope Workshops<\/title>\n<meta name=\"robots\" content=\"index, follow, max-snippet:-1, max-image-preview:large, max-video-preview:-1\" \/>\n<link rel=\"canonical\" href=\"https:\/\/windeurope.org\/workshops\/wind-turbine-sound-2016\/venue-travel-and-accommodation\/\" \/>\n<meta property=\"og:locale\" content=\"en_US\" \/>\n<meta property=\"og:type\" content=\"article\" \/>\n<meta property=\"og:title\" content=\"Venue, Travel and Accommodation - WindEurope Workshops\" \/>\n<meta property=\"og:description\" content=\"Workshop venue European Solidarity Centre Plac Solidarno\u015bci 1, 80-863 Gda\u0144sk, Poland WindEurope Wind Turbine Sound 2016 technology workshop took place on 17-18 November 2016 at the European Solidarity Centre in Gda\u0144sk, Poland. The European Solidarity Centre (Europejskie Centrum Solidarno\u015bci) is a museum and library in Gda\u0144sk, Poland, devoted to the history of Solidarity, the Polish [&hellip;]\" \/>\n<meta property=\"og:url\" content=\"https:\/\/windeurope.org\/workshops\/wind-turbine-sound-2016\/venue-travel-and-accommodation\/\" \/>\n<meta property=\"og:site_name\" content=\"WindEurope Workshops\" \/>\n<meta property=\"article:modified_time\" content=\"2016-11-21T10:46:07+00:00\" \/>\n<meta property=\"og:image\" content=\"https:\/\/upload.wikimedia.org\/wikipedia\/commons\/9\/9b\/Hans_Memling_-_Last_Judgment_Triptych_(open)_-_WGA14829.jpg\" \/>\n<meta name=\"twitter:label1\" content=\"Est. reading time\" \/>\n\t<meta name=\"twitter:data1\" content=\"3 minutes\" \/>\n<script type=\"application\/ld+json\" class=\"yoast-schema-graph\">{\"@context\":\"https:\/\/schema.org\",\"@graph\":[{\"@type\":\"WebPage\",\"@id\":\"https:\/\/windeurope.org\/workshops\/wind-turbine-sound-2016\/venue-travel-and-accommodation\/\",\"url\":\"https:\/\/windeurope.org\/workshops\/wind-turbine-sound-2016\/venue-travel-and-accommodation\/\",\"name\":\"Venue, Travel and Accommodation - WindEurope Workshops\",\"isPartOf\":{\"@id\":\"https:\/\/windeurope.org\/workshops\/#website\"},\"primaryImageOfPage\":{\"@id\":\"https:\/\/windeurope.org\/workshops\/wind-turbine-sound-2016\/venue-travel-and-accommodation\/#primaryimage\"},\"image\":{\"@id\":\"https:\/\/windeurope.org\/workshops\/wind-turbine-sound-2016\/venue-travel-and-accommodation\/#primaryimage\"},\"thumbnailUrl\":\"https:\/\/upload.wikimedia.org\/wikipedia\/commons\/9\/9b\/Hans_Memling_-_Last_Judgment_Triptych_(open)_-_WGA14829.jpg\",\"datePublished\":\"2016-09-20T16:54:36+00:00\",\"dateModified\":\"2016-11-21T10:46:07+00:00\",\"breadcrumb\":{\"@id\":\"https:\/\/windeurope.org\/workshops\/wind-turbine-sound-2016\/venue-travel-and-accommodation\/#breadcrumb\"},\"inLanguage\":\"en-US\",\"potentialAction\":[{\"@type\":\"ReadAction\",\"target\":[\"https:\/\/windeurope.org\/workshops\/wind-turbine-sound-2016\/venue-travel-and-accommodation\/\"]}]},{\"@type\":\"ImageObject\",\"inLanguage\":\"en-US\",\"@id\":\"https:\/\/windeurope.org\/workshops\/wind-turbine-sound-2016\/venue-travel-and-accommodation\/#primaryimage\",\"url\":\"https:\/\/upload.wikimedia.org\/wikipedia\/commons\/9\/9b\/Hans_Memling_-_Last_Judgment_Triptych_(open)_-_WGA14829.jpg\",\"contentUrl\":\"https:\/\/upload.wikimedia.org\/wikipedia\/commons\/9\/9b\/Hans_Memling_-_Last_Judgment_Triptych_(open)_-_WGA14829.jpg\"},{\"@type\":\"BreadcrumbList\",\"@id\":\"https:\/\/windeurope.org\/workshops\/wind-turbine-sound-2016\/venue-travel-and-accommodation\/#breadcrumb\",\"itemListElement\":[{\"@type\":\"ListItem\",\"position\":1,\"name\":\"Home \/ Workshops\",\"item\":\"https:\/\/windeurope.org\/workshops\/\"},{\"@type\":\"ListItem\",\"position\":2,\"name\":\"Wind Turbine Sound 2016\",\"item\":\"https:\/\/windeurope.org\/workshops\/wind-turbine-sound-2016\/\"},{\"@type\":\"ListItem\",\"position\":3,\"name\":\"Venue, Travel and Accommodation\"}]},{\"@type\":\"WebSite\",\"@id\":\"https:\/\/windeurope.org\/workshops\/#website\",\"url\":\"https:\/\/windeurope.org\/workshops\/\",\"name\":\"WindEurope Workshops\",\"description\":\"\",\"potentialAction\":[{\"@type\":\"SearchAction\",\"target\":{\"@type\":\"EntryPoint\",\"urlTemplate\":\"https:\/\/windeurope.org\/workshops\/?s={search_term_string}\"},\"query-input\":\"required name=search_term_string\"}],\"inLanguage\":\"en-US\"}]}<\/script>\n<!-- \/ Yoast SEO plugin. -->","yoast_head_json":{"title":"Venue, Travel and Accommodation - WindEurope Workshops","robots":{"index":"index","follow":"follow","max-snippet":"max-snippet:-1","max-image-preview":"max-image-preview:large","max-video-preview":"max-video-preview:-1"},"canonical":"https:\/\/windeurope.org\/workshops\/wind-turbine-sound-2016\/venue-travel-and-accommodation\/","og_locale":"en_US","og_type":"article","og_title":"Venue, Travel and Accommodation - WindEurope Workshops","og_description":"Workshop venue European Solidarity Centre Plac Solidarno\u015bci 1, 80-863 Gda\u0144sk, Poland WindEurope Wind Turbine Sound 2016 technology workshop took place on 17-18 November 2016 at the European Solidarity Centre in Gda\u0144sk, Poland. The European Solidarity Centre (Europejskie Centrum Solidarno\u015bci) is a museum and library in Gda\u0144sk, Poland, devoted to the history of Solidarity, the Polish [&hellip;]","og_url":"https:\/\/windeurope.org\/workshops\/wind-turbine-sound-2016\/venue-travel-and-accommodation\/","og_site_name":"WindEurope Workshops","article_modified_time":"2016-11-21T10:46:07+00:00","og_image":[{"url":"https:\/\/upload.wikimedia.org\/wikipedia\/commons\/9\/9b\/Hans_Memling_-_Last_Judgment_Triptych_(open)_-_WGA14829.jpg"}],"twitter_misc":{"Est. reading time":"3 minutes"},"schema":{"@context":"https:\/\/schema.org","@graph":[{"@type":"WebPage","@id":"https:\/\/windeurope.org\/workshops\/wind-turbine-sound-2016\/venue-travel-and-accommodation\/","url":"https:\/\/windeurope.org\/workshops\/wind-turbine-sound-2016\/venue-travel-and-accommodation\/","name":"Venue, Travel and Accommodation - WindEurope Workshops","isPartOf":{"@id":"https:\/\/windeurope.org\/workshops\/#website"},"primaryImageOfPage":{"@id":"https:\/\/windeurope.org\/workshops\/wind-turbine-sound-2016\/venue-travel-and-accommodation\/#primaryimage"},"image":{"@id":"https:\/\/windeurope.org\/workshops\/wind-turbine-sound-2016\/venue-travel-and-accommodation\/#primaryimage"},"thumbnailUrl":"https:\/\/upload.wikimedia.org\/wikipedia\/commons\/9\/9b\/Hans_Memling_-_Last_Judgment_Triptych_(open)_-_WGA14829.jpg","datePublished":"2016-09-20T16:54:36+00:00","dateModified":"2016-11-21T10:46:07+00:00","breadcrumb":{"@id":"https:\/\/windeurope.org\/workshops\/wind-turbine-sound-2016\/venue-travel-and-accommodation\/#breadcrumb"},"inLanguage":"en-US","potentialAction":[{"@type":"ReadAction","target":["https:\/\/windeurope.org\/workshops\/wind-turbine-sound-2016\/venue-travel-and-accommodation\/"]}]},{"@type":"ImageObject","inLanguage":"en-US","@id":"https:\/\/windeurope.org\/workshops\/wind-turbine-sound-2016\/venue-travel-and-accommodation\/#primaryimage","url":"https:\/\/upload.wikimedia.org\/wikipedia\/commons\/9\/9b\/Hans_Memling_-_Last_Judgment_Triptych_(open)_-_WGA14829.jpg","contentUrl":"https:\/\/upload.wikimedia.org\/wikipedia\/commons\/9\/9b\/Hans_Memling_-_Last_Judgment_Triptych_(open)_-_WGA14829.jpg"},{"@type":"BreadcrumbList","@id":"https:\/\/windeurope.org\/workshops\/wind-turbine-sound-2016\/venue-travel-and-accommodation\/#breadcrumb","itemListElement":[{"@type":"ListItem","position":1,"name":"Home \/ Workshops","item":"https:\/\/windeurope.org\/workshops\/"},{"@type":"ListItem","position":2,"name":"Wind Turbine Sound 2016","item":"https:\/\/windeurope.org\/workshops\/wind-turbine-sound-2016\/"},{"@type":"ListItem","position":3,"name":"Venue, Travel and Accommodation"}]},{"@type":"WebSite","@id":"https:\/\/windeurope.org\/workshops\/#website","url":"https:\/\/windeurope.org\/workshops\/","name":"WindEurope Workshops","description":"","potentialAction":[{"@type":"SearchAction","target":{"@type":"EntryPoint","urlTemplate":"https:\/\/windeurope.org\/workshops\/?s={search_term_string}"},"query-input":"required name=search_term_string"}],"inLanguage":"en-US"}]}},"_links":{"self":[{"href":"https:\/\/windeurope.org\/workshops\/wp-json\/wp\/v2\/pages\/8339"}],"collection":[{"href":"https:\/\/windeurope.org\/workshops\/wp-json\/wp\/v2\/pages"}],"about":[{"href":"https:\/\/windeurope.org\/workshops\/wp-json\/wp\/v2\/types\/page"}],"author":[{"embeddable":true,"href":"https:\/\/windeurope.org\/workshops\/wp-json\/wp\/v2\/users\/15"}],"replies":[{"embeddable":true,"href":"https:\/\/windeurope.org\/workshops\/wp-json\/wp\/v2\/comments?post=8339"}],"version-history":[{"count":20,"href":"https:\/\/windeurope.org\/workshops\/wp-json\/wp\/v2\/pages\/8339\/revisions"}],"predecessor-version":[{"id":8603,"href":"https:\/\/windeurope.org\/workshops\/wp-json\/wp\/v2\/pages\/8339\/revisions\/8603"}],"up":[{"embeddable":true,"href":"https:\/\/windeurope.org\/workshops\/wp-json\/wp\/v2\/pages\/7592"}],"wp:attachment":[{"href":"https:\/\/windeurope.org\/workshops\/wp-json\/wp\/v2\/media?parent=8339"}],"curies":[{"name":"wp","href":"https:\/\/api.w.org\/{rel}","templated":true}]}}