  {"id":61,"date":"2023-02-16T17:18:53","date_gmt":"2023-02-16T16:18:53","guid":{"rendered":"https:\/\/windeurope.org\/tech2023\/?page_id=61"},"modified":"2023-06-05T16:50:27","modified_gmt":"2023-06-05T14:50:27","slug":"information","status":"publish","type":"page","link":"https:\/\/windeurope.org\/tech2023\/information\/","title":{"rendered":"Practical information"},"content":{"rendered":"<section class=\"inner\">\r\n  <div class=\"row\">\r\n    <div class=\"col-md-10\">\r\n      <h2>Date<\/h2>\r\n      <p>1-2 June<\/p>\r\n      <h2 id=\"venue\">Venue<\/h2>\r\n      <p>The conference took place at the <strong><a href=\"https:\/\/www.ccc-lyon.com\/en\/getting-lyon-convention-centre?ref=EoLIS2022\" target=\"_blank\" rel=\"noopener noreferrer\">Centre de Congr\u00e8s de Lyon<\/a><\/strong>, located between the city&#8217;s famous T\u00eate d&#8217;Or Park and the Rh\u00f4ne River.<\/p>\r\n      <h3>Address<\/h3>\r\n      <p>Centre de Congr\u00e8s de Lyon<br>\r\n        50 Quai Charles de Gaulle<br>\r\n        69006 Lyon<br>\r\n        France<\/p>\r\n\r\n      <h2>Social Media<\/h2>\r\n      <p><strong>Official hashtag<\/strong>: <a href=\"https:\/\/twitter.com\/search?q=%23WindTech23&amp;src=typed_query&amp;f=live\" target=\"_blank\" rel=\"noopener noreferrer\">#WindTech23<\/a><br>\r\n        <strong>Accounts to tag<\/strong>: <a href=\"https:\/\/twitter.com\/WindEurope\">@WindEurope<\/a> <a href=\"https:\/\/twitter.com\/WindEuropeEvent\">@WindEuropeEvent<\/a>\r\n      <h2>Other useful information<\/h2>\r\n      <ul>\r\n        <li><a href=\".\/how-to-get-there\"><strong>How to get there<\/strong><\/a><\/li>\r\n        <li><a href=\".\/accommodation\"><strong>Accommodation<\/strong><\/a><\/li>\r\n      <\/ul>\r\n    <\/div>\r\n    <div class=\"col-md\"> <a href=\"https:\/\/www.ccc-lyon.com\/en?ref=WindEurope\" target=\"_blank\" rel=\"noopener noreferrer\"><img decoding=\"async\" src=\"https:\/\/windeurope.org\/tech2023\/wp-content\/uploads\/cc-lyon-entrance.jpg\" style=\"width:100%; height:auto;\" class=\"m-b-1\" alt=\"CC Lyon\"><\/a><\/div>\r\n  <\/div>\r\n<\/section>","protected":false},"excerpt":{"rendered":"<p>Date 1-2 June Venue The conference took place at the Centre de Congr\u00e8s de Lyon, located between the city&#8217;s famous T\u00eate d&#8217;Or Park and the Rh\u00f4ne River. Address Centre de Congr\u00e8s de Lyon 50 Quai Charles de Gaulle 69006 Lyon France Social Media Official hashtag: #WindTech23 Accounts to tag: @WindEurope @WindEuropeEvent Other useful information How [&hellip;]<\/p>\n","protected":false},"author":12,"featured_media":0,"parent":0,"menu_order":3,"comment_status":"closed","ping_status":"closed","template":"","meta":{"footnotes":""},"categories":[],"tags":[],"class_list":["post-61","page","type-page","status-publish","hentry"],"yoast_head":"<!-- This site is optimized with the Yoast SEO plugin v23.3 - https:\/\/yoast.com\/wordpress\/plugins\/seo\/ -->\n<title>Practical information | WindEurope Technology Workshop 2023<\/title>\n<meta name=\"robots\" content=\"index, follow, max-snippet:-1, max-image-preview:large, max-video-preview:-1\" \/>\n<link rel=\"canonical\" href=\"https:\/\/windeurope.org\/tech2023\/information\/\" \/>\n<meta property=\"og:locale\" content=\"en_US\" \/>\n<meta property=\"og:type\" content=\"article\" \/>\n<meta property=\"og:title\" content=\"Practical information | WindEurope Technology Workshop 2023\" \/>\n<meta property=\"og:description\" content=\"Date 1-2 June Venue The conference took place at the Centre de Congr\u00e8s de Lyon, located between the city&#8217;s famous T\u00eate d&#8217;Or Park and the Rh\u00f4ne River. Address Centre de Congr\u00e8s de Lyon 50 Quai Charles de Gaulle 69006 Lyon France Social Media Official hashtag: #WindTech23 Accounts to tag: @WindEurope @WindEuropeEvent Other useful information How [&hellip;]\" \/>\n<meta property=\"og:url\" content=\"https:\/\/windeurope.org\/tech2023\/information\/\" \/>\n<meta property=\"og:site_name\" content=\"WindEurope Technology Workshop 2023\" \/>\n<meta property=\"article:publisher\" content=\"https:\/\/www.facebook.com\/windeurope\" \/>\n<meta property=\"article:modified_time\" content=\"2023-06-05T14:50:27+00:00\" \/>\n<meta property=\"og:image\" content=\"https:\/\/windeurope.org\/tech2023\/wp-content\/uploads\/cc-lyon-entrance.jpg\" \/>\n<meta name=\"twitter:card\" content=\"summary_large_image\" \/>\n<meta name=\"twitter:site\" content=\"@windeuropeevent\" \/>\n<script type=\"application\/ld+json\" class=\"yoast-schema-graph\">{\"@context\":\"https:\/\/schema.org\",\"@graph\":[{\"@type\":\"WebPage\",\"@id\":\"https:\/\/windeurope.org\/tech2023\/information\/\",\"url\":\"https:\/\/windeurope.org\/tech2023\/information\/\",\"name\":\"Practical information | WindEurope Technology Workshop 2023\",\"isPartOf\":{\"@id\":\"https:\/\/windeurope.org\/tech2023\/#website\"},\"primaryImageOfPage\":{\"@id\":\"https:\/\/windeurope.org\/tech2023\/information\/#primaryimage\"},\"image\":{\"@id\":\"https:\/\/windeurope.org\/tech2023\/information\/#primaryimage\"},\"thumbnailUrl\":\"https:\/\/windeurope.org\/tech2023\/wp-content\/uploads\/cc-lyon-entrance.jpg\",\"datePublished\":\"2023-02-16T16:18:53+00:00\",\"dateModified\":\"2023-06-05T14:50:27+00:00\",\"breadcrumb\":{\"@id\":\"https:\/\/windeurope.org\/tech2023\/information\/#breadcrumb\"},\"inLanguage\":\"en-US\",\"potentialAction\":[{\"@type\":\"ReadAction\",\"target\":[\"https:\/\/windeurope.org\/tech2023\/information\/\"]}]},{\"@type\":\"ImageObject\",\"inLanguage\":\"en-US\",\"@id\":\"https:\/\/windeurope.org\/tech2023\/information\/#primaryimage\",\"url\":\"https:\/\/windeurope.org\/tech2023\/wp-content\/uploads\/cc-lyon-entrance.jpg\",\"contentUrl\":\"https:\/\/windeurope.org\/tech2023\/wp-content\/uploads\/cc-lyon-entrance.jpg\",\"width\":585,\"height\":401},{\"@type\":\"BreadcrumbList\",\"@id\":\"https:\/\/windeurope.org\/tech2023\/information\/#breadcrumb\",\"itemListElement\":[{\"@type\":\"ListItem\",\"position\":1,\"name\":\"Home\",\"item\":\"https:\/\/windeurope.org\/tech2023\/\"},{\"@type\":\"ListItem\",\"position\":2,\"name\":\"Practical information\"}]},{\"@type\":\"WebSite\",\"@id\":\"https:\/\/windeurope.org\/tech2023\/#website\",\"url\":\"https:\/\/windeurope.org\/tech2023\/\",\"name\":\"WindEurope Technology Workshop 2023\",\"description\":\"Resource Assessment &amp; Analysis of Operating Wind Farms 2023&lt;br&gt;1-2 June \u2022 Lyon\",\"publisher\":{\"@id\":\"https:\/\/windeurope.org\/tech2023\/#organization\"},\"potentialAction\":[{\"@type\":\"SearchAction\",\"target\":{\"@type\":\"EntryPoint\",\"urlTemplate\":\"https:\/\/windeurope.org\/tech2023\/?s={search_term_string}\"},\"query-input\":\"required name=search_term_string\"}],\"inLanguage\":\"en-US\"},{\"@type\":\"Organization\",\"@id\":\"https:\/\/windeurope.org\/tech2023\/#organization\",\"name\":\"WindEurope\",\"url\":\"https:\/\/windeurope.org\/tech2023\/\",\"logo\":{\"@type\":\"ImageObject\",\"inLanguage\":\"en-US\",\"@id\":\"https:\/\/windeurope.org\/tech2023\/#\/schema\/logo\/image\/\",\"url\":\"https:\/\/windeurope.org\/tech2023\/wp-content\/uploads\/WindEurope-SQ.gif\",\"contentUrl\":\"https:\/\/windeurope.org\/tech2023\/wp-content\/uploads\/WindEurope-SQ.gif\",\"width\":1000,\"height\":1000,\"caption\":\"WindEurope\"},\"image\":{\"@id\":\"https:\/\/windeurope.org\/tech2023\/#\/schema\/logo\/image\/\"},\"sameAs\":[\"https:\/\/www.facebook.com\/windeurope\",\"https:\/\/x.com\/windeuropeevent\",\"https:\/\/www.instagram.com\/windeurope\",\"https:\/\/www.linkedin.com\/company\/windeurope\",\"https:\/\/www.youtube.com\/windeurope\"]}]}<\/script>\n<!-- \/ Yoast SEO plugin. -->","yoast_head_json":{"title":"Practical information | WindEurope Technology Workshop 2023","robots":{"index":"index","follow":"follow","max-snippet":"max-snippet:-1","max-image-preview":"max-image-preview:large","max-video-preview":"max-video-preview:-1"},"canonical":"https:\/\/windeurope.org\/tech2023\/information\/","og_locale":"en_US","og_type":"article","og_title":"Practical information | WindEurope Technology Workshop 2023","og_description":"Date 1-2 June Venue The conference took place at the Centre de Congr\u00e8s de Lyon, located between the city&#8217;s famous T\u00eate d&#8217;Or Park and the Rh\u00f4ne River. Address Centre de Congr\u00e8s de Lyon 50 Quai Charles de Gaulle 69006 Lyon France Social Media Official hashtag: #WindTech23 Accounts to tag: @WindEurope @WindEuropeEvent Other useful information How [&hellip;]","og_url":"https:\/\/windeurope.org\/tech2023\/information\/","og_site_name":"WindEurope Technology Workshop 2023","article_publisher":"https:\/\/www.facebook.com\/windeurope","article_modified_time":"2023-06-05T14:50:27+00:00","og_image":[{"url":"https:\/\/windeurope.org\/tech2023\/wp-content\/uploads\/cc-lyon-entrance.jpg"}],"twitter_card":"summary_large_image","twitter_site":"@windeuropeevent","schema":{"@context":"https:\/\/schema.org","@graph":[{"@type":"WebPage","@id":"https:\/\/windeurope.org\/tech2023\/information\/","url":"https:\/\/windeurope.org\/tech2023\/information\/","name":"Practical information | WindEurope Technology Workshop 2023","isPartOf":{"@id":"https:\/\/windeurope.org\/tech2023\/#website"},"primaryImageOfPage":{"@id":"https:\/\/windeurope.org\/tech2023\/information\/#primaryimage"},"image":{"@id":"https:\/\/windeurope.org\/tech2023\/information\/#primaryimage"},"thumbnailUrl":"https:\/\/windeurope.org\/tech2023\/wp-content\/uploads\/cc-lyon-entrance.jpg","datePublished":"2023-02-16T16:18:53+00:00","dateModified":"2023-06-05T14:50:27+00:00","breadcrumb":{"@id":"https:\/\/windeurope.org\/tech2023\/information\/#breadcrumb"},"inLanguage":"en-US","potentialAction":[{"@type":"ReadAction","target":["https:\/\/windeurope.org\/tech2023\/information\/"]}]},{"@type":"ImageObject","inLanguage":"en-US","@id":"https:\/\/windeurope.org\/tech2023\/information\/#primaryimage","url":"https:\/\/windeurope.org\/tech2023\/wp-content\/uploads\/cc-lyon-entrance.jpg","contentUrl":"https:\/\/windeurope.org\/tech2023\/wp-content\/uploads\/cc-lyon-entrance.jpg","width":585,"height":401},{"@type":"BreadcrumbList","@id":"https:\/\/windeurope.org\/tech2023\/information\/#breadcrumb","itemListElement":[{"@type":"ListItem","position":1,"name":"Home","item":"https:\/\/windeurope.org\/tech2023\/"},{"@type":"ListItem","position":2,"name":"Practical information"}]},{"@type":"WebSite","@id":"https:\/\/windeurope.org\/tech2023\/#website","url":"https:\/\/windeurope.org\/tech2023\/","name":"WindEurope Technology Workshop 2023","description":"Resource Assessment &amp; Analysis of Operating Wind Farms 2023&lt;br&gt;1-2 June \u2022 Lyon","publisher":{"@id":"https:\/\/windeurope.org\/tech2023\/#organization"},"potentialAction":[{"@type":"SearchAction","target":{"@type":"EntryPoint","urlTemplate":"https:\/\/windeurope.org\/tech2023\/?s={search_term_string}"},"query-input":"required name=search_term_string"}],"inLanguage":"en-US"},{"@type":"Organization","@id":"https:\/\/windeurope.org\/tech2023\/#organization","name":"WindEurope","url":"https:\/\/windeurope.org\/tech2023\/","logo":{"@type":"ImageObject","inLanguage":"en-US","@id":"https:\/\/windeurope.org\/tech2023\/#\/schema\/logo\/image\/","url":"https:\/\/windeurope.org\/tech2023\/wp-content\/uploads\/WindEurope-SQ.gif","contentUrl":"https:\/\/windeurope.org\/tech2023\/wp-content\/uploads\/WindEurope-SQ.gif","width":1000,"height":1000,"caption":"WindEurope"},"image":{"@id":"https:\/\/windeurope.org\/tech2023\/#\/schema\/logo\/image\/"},"sameAs":["https:\/\/www.facebook.com\/windeurope","https:\/\/x.com\/windeuropeevent","https:\/\/www.instagram.com\/windeurope","https:\/\/www.linkedin.com\/company\/windeurope","https:\/\/www.youtube.com\/windeurope"]}]}},"_links":{"self":[{"href":"https:\/\/windeurope.org\/tech2023\/wp-json\/wp\/v2\/pages\/61"}],"collection":[{"href":"https:\/\/windeurope.org\/tech2023\/wp-json\/wp\/v2\/pages"}],"about":[{"href":"https:\/\/windeurope.org\/tech2023\/wp-json\/wp\/v2\/types\/page"}],"author":[{"embeddable":true,"href":"https:\/\/windeurope.org\/tech2023\/wp-json\/wp\/v2\/users\/12"}],"replies":[{"embeddable":true,"href":"https:\/\/windeurope.org\/tech2023\/wp-json\/wp\/v2\/comments?post=61"}],"version-history":[{"count":14,"href":"https:\/\/windeurope.org\/tech2023\/wp-json\/wp\/v2\/pages\/61\/revisions"}],"predecessor-version":[{"id":385,"href":"https:\/\/windeurope.org\/tech2023\/wp-json\/wp\/v2\/pages\/61\/revisions\/385"}],"wp:attachment":[{"href":"https:\/\/windeurope.org\/tech2023\/wp-json\/wp\/v2\/media?parent=61"}],"wp:term":[{"taxonomy":"category","embeddable":true,"href":"https:\/\/windeurope.org\/tech2023\/wp-json\/wp\/v2\/categories?post=61"},{"taxonomy":"post_tag","embeddable":true,"href":"https:\/\/windeurope.org\/tech2023\/wp-json\/wp\/v2\/tags?post=61"}],"curies":[{"name":"wp","href":"https:\/\/api.w.org\/{rel}","templated":true}]}}