{"id":982,"date":"2024-12-10T17:11:14","date_gmt":"2024-12-10T16:11:14","guid":{"rendered":"https:\/\/windeurope.org\/annual2025\/?page_id=982"},"modified":"2024-12-17T16:14:04","modified_gmt":"2024-12-17T15:14:04","slug":"programme-committee-and-abstracts-reviewers","status":"publish","type":"page","link":"https:\/\/windeurope.org\/annual2025\/conference\/programme-committee-and-abstracts-reviewers\/","title":{"rendered":"Programme Committee &#038; abstracts reviewers"},"content":{"rendered":"<section class=\"inner\">\r\n<div class=\"alert alert-info\"><p>WindEurope would like to thank the members of the Programme Committee and the abstract reviewers for their time and expertise, resulting in high-quality sessions and posters.<\/p><\/div>\r\n<\/section>\r\n\r\n<section class=\"inner\" id=\"committee\">\r\n<h3>Technical and Scientific Programme Committee<\/h3>\r\n<ul>\r\n<li>Amir R. Nejad, NTNU<\/li>\r\n<li>Arne Koerber, GE Vernova<\/li>\r\n<li>Carolina Garcia Barquero, Siemens Gamesa Renewable Energy<\/li>\r\n<li>David Howell, Birdlife<\/li>\r\n<li>Didier Mallieu, Hitachi Energy<\/li>\r\n<li>Eliana Mayall, SSE Renewables<\/li>\r\n<li>Georges Kariniotakis, MINES ParisTech<\/li>\r\n<li>German Perez, Foundation Tecnalia<\/li>\r\n<li>Hanne Wigum, Equinor<\/li>\r\n<li>Jan Helsen, VUB<\/li>\r\n<li>Joris Peeters, ZF Wind Power<\/li>\r\n<li>Julia Gottschall, Fraunhofer IWES<\/li>\r\n<li>Katrine Hilmen, ABB<\/li>\r\n<li>Lars Landberg, DNV<\/li>\r\n<li>Lene Hellstern, Peak Wind<\/li>\r\n<li>Mike Anderson, ETIPWind Advisory Group<\/li>\r\n<li>Miriam Marchante Jim\u00e9nez, \u00d8rsted<\/li>\r\n<li>Nicolaos Cutululis, DTU<\/li>\r\n<li>Orlando San Martin, Statkraft<\/li>\r\n<li>Pep Moreno, Vortex<\/li>\r\n<li>Sarah Barber, OST University<\/li>\r\n<li>Simon Watson, TU Delft<\/li>\r\n<li>Sofia Koukoura, Iberdrola\/ScottishPower Renewables\r\n<li>Stephan Barth, ForWind &#8211; Center for Wind Energy Research<\/li>\r\n<li>Thibaud Uhl, ENGIE<\/li>\r\n\r\n\r\n\r\n\r\n<\/ul>\r\n<\/section>\r\n\r\n<section class=\"inner\" id=\"reviewers\">\r\n<h3>Industry abstract reviewers<\/h3>\r\n<ul>\r\n<li>Aaron Kang, ONYX Insight<\/li>\r\n<li>Abbas Lotfi, Nexans<\/li>\r\n<li>Abbas Mehrad Kazemi Amiri, University of Strathclyde<\/li>\r\n<li>Abouzar Daneshpajouh, SAITEC<\/li>\r\n<li>Adrian Haworth, Gazelle Wind Power<\/li>\r\n<li>Ahmet Celal Sahin, Senkron Energy Digital Services<\/li>\r\n<li>Ahmet Okan Sargin, OWC<\/li>\r\n<li>Alberto Barcia Gonzalez, Ingeteam Power Technology S.A.<\/li>\r\n<li>Alberto Garc\u00eda Barace, Nordex<\/li>\r\n<li>Alberto Ghigo, Politecnico di Torino<\/li>\r\n<li>Alejandro Abascal, Iberdrola Renewables<\/li>\r\n<li>Alexandre Fremaux, WindEurope<\/li>\r\n<li>Alireza Bayat, DNV<\/li>\r\n<li>Amilcar Zambrano, DNV<\/li>\r\n<li>Anastasios Stampoultzoglou, Siemens Energy<\/li>\r\n<li>Andrea Panizzo, ENEL Green Power<\/li>\r\n<li>Andrei Utkin, S&#038;P Global<\/li>\r\n<li>Annette Nienhaus, ERM GmbH<\/li>\r\n<li>Anthony Crockford, Power Factors<\/li>\r\n<li>Apostolos Bakovasilis , WindEurope<\/li>\r\n<li>Arne Koerber, GE Vernova<\/li>\r\n<li>Ashley Crowther, ONYX Insight<\/li>\r\n<li>Aurelie Jeannin, VAISALA<\/li>\r\n<li>Aymeric Andre, Nexans<\/li>\r\n<li>Bart Willems, Jan De Nul NV<\/li>\r\n<li>Bart\u0142omiej Jerzak, Ambiens LLC<\/li>\r\n<li>Benjamin Mauries, Saipem<\/li>\r\n<li>Berenice Crabs, Belgian Offshore Platform<\/li>\r\n<li>Bernhard Stoevesandt, Fraunhofer IWES<\/li>\r\n<li>Bert Verdyck, ZF Wind Power<\/li>\r\n<li>Carlos Gutierrez Sanchez del Rio, REPSOL<\/li>\r\n<li>Carlos Llopis, Siemens Energy<\/li>\r\n<li>Carlos Martinez Rodriguez, SkySpecs<\/li>\r\n<li>Carolin Schmitt, EnBW<\/li>\r\n<li>Carolina Garcia Barquero, Siemens Energy<\/li>\r\n<li>Catherine Meissner, Equinor<\/li>\r\n<li>Catia Carreira, Flux Partners<\/li>\r\n<li>C\u00e9dric Eneau, TotalEnergies<\/li>\r\n<li>Cerianne Cummings, Kent<\/li>\r\n<li>Charles Dugu\u00e9, Vestas Wind Systems A\/S<\/li>\r\n<li>Charlotte Hasager, DTU<\/li>\r\n<li>Christian Jourdain, Siemens Energy<\/li>\r\n<li>Clement Mochet, BlueFloat Energy<\/li>\r\n<li>Clym Stock-Williams, Vattenfall<\/li>\r\n<li>Daniel Gonz\u00e1lez, BlueFloat Energy<\/li>\r\n<li>Daniel Kagerbauer, Inmox<\/li>\r\n<li>Daniele Fallo, Bureau Veritas<\/li>\r\n<li>David Futter, Bachmann Monitoring GmbH<\/li>\r\n<li>Denis Drga, Siemens Energy<\/li>\r\n<li>Didier Mallieu, Hitachi Energy<\/li>\r\n<li>Dolunay G\u00fc\u00e7l\u00fcer K\u00fcpeli, D\u00dcRED (Turkish Offshore Wind Energy Association)<\/li>\r\n<li>Donatella Zappala, TU Delft<\/li>\r\n<li>Donny Paslowski, SkySpecs<\/li>\r\n<li>Duncan Barker, Ignitis Renewables<\/li>\r\n<li>Edgaras Maladauskas, Lithuania Wind Power Association<\/li>\r\n<li>Eduardo Oliden Brieva, ENEL Green Power<\/li>\r\n<li>Edward Unwin, Kent<\/li>\r\n<li>Elen Di Silvestro, ArcelorMittal<\/li>\r\n<li>Elena Llorente, Nordex<\/li>\r\n<li>Eliana Mayall, SSE Renewables<\/li>\r\n<li>Elies Campmany, Vortex<\/li>\r\n<li>Erik Holtslag, Pondera Consult<\/li>\r\n<li>Esperanza Torres, University of Strathclyde<\/li>\r\n<li>Federico Fioretti, ENEL Green Power<\/li>\r\n<li>Ferdy Hengeveld, Van Oord Offshore Wind<\/li>\r\n<li>Fernando Echeverr\u00eda, Nordex<\/li>\r\n<li>Ffion Rodes, National Composites Centre<\/li>\r\n<li>Filipe Aguiar, Vattenfall<\/li>\r\n<li>Finn-Hendrik Andersen, Vestas Wind Systems A\/S<\/li>\r\n<li>Francesco Maccagni, Saipem<\/li>\r\n<li>Francesco Sacco, Eni Plenitude<\/li>\r\n<li>Francisco de Asis LOPEZ, Siemens Energy<\/li>\r\n<li>Francisco Javier Del Real Tu\u00f1\u00f3n, SAITEC<\/li>\r\n<li>Francisco Valle, ENEL Green Power<\/li>\r\n<li>Frank Martin, European Energy AS<\/li>\r\n<li>Frank Wilhelmsen, ABB<\/li>\r\n<li>Freddie van der Linde, Jacobs<\/li>\r\n<li>Frederic Monnaie, ENGIE<\/li>\r\n<li>Gabriel Aznar Lapuente, Foundation Tecnalia Research and Innovation<\/li>\r\n<li>Gabriel Bonet Bra\u00f1a, ArcelorMittal<\/li>\r\n<li>Gadha Satish, Vestas Wind Systems A\/S<\/li>\r\n<li>Galyna Shmidt, Ukrainian Wind Energy Association<\/li>\r\n<li>Geonhwa Ryu, OWC<\/li>\r\n<li>Georgios Rogdakis, Ocean Winds<\/li>\r\n<li>Georgios Valsamakis, Alterric GmbH<\/li>\r\n<li>Gerben Huiszoon, Scalda<\/li>\r\n<li>German Perez, Foundation Tecnalia Research and Innovation<\/li>\r\n<li>Gian Marco Gioffr\u00e8, WindEurope<\/li>\r\n<li>Gildas Courtet, 3E<\/li>\r\n<li>Giuseppe Ferraro, DNV<\/li>\r\n<li>Giuseppina Nicolaci, ENEL Green Power<\/li>\r\n<li>Goran Drobnjak, GE Vernova<\/li>\r\n<li>Gregor Giebel, DTU<\/li>\r\n<li>Gregory Poulos, ArcVera Renewables<\/li>\r\n<li>Guillermo Amann, Ormazabal<\/li>\r\n<li>Guoqing Gao, Aalborg University<\/li>\r\n<li>Harald Stecher, Siemens Energy<\/li>\r\n<li>Hassan Kassem, Fraunhofer IWES<\/li>\r\n<li>Hugo Rubio, SSE Renewables<\/li>\r\n<li>Ignacio Romero-Sanz, Bureau Veritas<\/li>\r\n<li>Iv\u00e1n Garc\u00eda Maestre, Nordex<\/li>\r\n<li>Izan Le Crom, Fondation OPEN-C<\/li>\r\n<li>Jack Spaan, Boskalis<\/li>\r\n<li>Jan Coelingh, Vattenfall<\/li>\r\n<li>Javier Gonz\u00e1lez Arias, Bureau Veritas<\/li>\r\n<li>Javier Lopez, Polytech A\/S<\/li>\r\n<li>Jessica Klein, RWE<\/li>\r\n<li>Jo\u00e3o Pacheco, Fibersail<\/li>\r\n<li>Joel Manning, K2 Management Renewables Ltd.<\/li>\r\n<li>Johan Stander, Mainstream Renewable Power<\/li>\r\n<li>John Korsgaard, LM Wind Power<\/li>\r\n<li>Jon Collins, ERM GmbH<\/li>\r\n<li>Jonas Pagh Jensen, Siemens Energy<\/li>\r\n<li>Jonathan Abbatt, SSE Renewables<\/li>\r\n<li>Jonathan Fuller, National Composites Centre<\/li>\r\n<li>Joost Pellis, NedZero<\/li>\r\n<li>Jorge Asensio Marques, ENEL Green Power<\/li>\r\n<li>Joris Peeters, ZF Wind Power<\/li>\r\n<li>Jose Alba Perez, ENEL Green Power<\/li>\r\n<li>Jos\u00e9 Blasques, Vattenfall<\/li>\r\n<li>Jos\u00e9 Vidal P\u00e9rez, UL Solutions<\/li>\r\n<li>Juan Gracia, CENER<\/li>\r\n<li>Julia Gottschall, Fraunhofer IWES<\/li>\r\n<li>Julian Dajczgewand, VAISALA<\/li>\r\n<li>Julien Deparday, Eastern Switzerland University of Applied Sciences<\/li>\r\n<li>Julien Tissot, SkySpecs<\/li>\r\n<li>J\u00fcrgen Berlin, ENERCON GmbH<\/li>\r\n<li>Kai Stoltz, GCE Ocean Technology<\/li>\r\n<li>Karen Anne Hutton, RES<\/li>\r\n<li>Kasper Vardinghus, \u00d8rsted<\/li>\r\n<li>Katrin Eckhard, RWE<\/li>\r\n<li>Katrine Hilmen, ABB<\/li>\r\n<li>Ken Tay, DNV<\/li>\r\n<li>Koen Robbelein, OWI-Lab<\/li>\r\n<li>Kristi Ghosh, Trio<\/li>\r\n<li>Kristian Petrick, Airborne Wind Europe<\/li>\r\n<li>Lars Landberg, DNV<\/li>\r\n<li>Lasse Svenningsen, EMD International A\/S<\/li>\r\n<li>Lene Hellstern, PEAK Wind<\/li>\r\n<li>Leonardo Alvarez Urrutia , Hitachi Energy<\/li>\r\n<li>Lorenzo Zeni, \u00d8rsted<\/li>\r\n<li>Luca Feigl, GE Vernova<\/li>\r\n<li>Ma\u00eblig Gaborieau, Spinergie<\/li>\r\n<li>Magali Mouries, BW Ideol<\/li>\r\n<li>Malte Hippe, Boston Consulting Group<\/li>\r\n<li>Manoj Kumar Dhadwal, DTU<\/li>\r\n<li>Manuel Ancizu, Siemens Energy<\/li>\r\n<li>Maral Rahimi, Hempel A\/S<\/li>\r\n<li>Marc Sala Lluma, BP PLC<\/li>\r\n<li>Marco Milanesi, Vestas Wind Systems A\/S<\/li>\r\n<li>Marcus Wiens, Fraunhofer IWES<\/li>\r\n<li>Marie-Anne Cowan, Ramboll<\/li>\r\n<li>Mari\u00eblle de Sain, Pondera Consult<\/li>\r\n<li>Marija Dabrisiute, WindEurope<\/li>\r\n<li>Massimiliano Tarantino, ENEL Green Power<\/li>\r\n<li>Mathieu Cariou, Gurit<\/li>\r\n<li>Matthieu Povidis Delefosse, Vattenfall<\/li>\r\n<li>Max Karous, RINA<\/li>\r\n<li>Michael N\u00f8rtoft Frydensbjerg, Vattenfall<\/li>\r\n<li>Michael Unsworth, Copenhagen Offshore Partners A\/S<\/li>\r\n<li>Michael Wilkinson, Vestas Wind Systems A\/S<\/li>\r\n<li>Mike Anderson, ETIPWIND<\/li>\r\n<li>Minh Thang DO, Meteodyn<\/li>\r\n<li>Miriam Marchante, \u00d8rsted<\/li>\r\n<li>Mobin Ojaghi, Black &#038; Veatch<\/li>\r\n<li>Mohammad Nafisifard, University of Stavanger<\/li>\r\n<li>Monelle Comeau, Power Factors<\/li>\r\n<li>Mouhamet Diallo, Tractebel Engineering<\/li>\r\n<li>Nathan Dwek, KU Leuven<\/li>\r\n<li>Neil Koronka, Corio Generation Ltd<\/li>\r\n<li>Nicolas Larivi\u00e8re-Gillet, INNOSEA (part of OWC)<\/li>\r\n<li>Nicolas Meerts, 3E<\/li>\r\n<li>Nicolas Qui\u00e9vy, ENGIE<\/li>\r\n<li>Nikolaos Stefanatos, CRES<\/li>\r\n<li>Oliver Davies, OWC<\/li>\r\n<li>Olivier Antoine, ENGIE<\/li>\r\n<li>\u00d6mer G\u00f6ksu, \u00d8rsted<\/li>\r\n<li>Orlando San Martin, Statkraft<\/li>\r\n<li>Oscar Damanik, KU Leuven<\/li>\r\n<li>Oscar Diaz, Ocean Winds<\/li>\r\n<li>Ottelien Bossuyt, Tractebel Engineering<\/li>\r\n<li>Pablo Nerochea, BlueFloat Energy<\/li>\r\n<li>Paolo Grossi, Galileo Green Energy<\/li>\r\n<li>Patric Kleineidam, Tractebel Engineering<\/li>\r\n<li>Patrick Warren, Mainstream Renewable Power<\/li>\r\n<li>Paul Mazoyer, ENGIE<\/li>\r\n<li>Pedro Santos, DHI<\/li>\r\n<li>Pep Moreno, Vortex<\/li>\r\n<li>Peter Spengemann, wpd windmanager GmbH Co. KG<\/li>\r\n<li>Phil Cole, WindEurope<\/li>\r\n<li>Philip Bradstock, Bitbloom<\/li>\r\n<li>Philippe Brodeur, DNV<\/li>\r\n<li>Pierre Stephan, EDF RENOUVELABLES<\/li>\r\n<li>Priyank Maheshwari, TotalEnergies<\/li>\r\n<li>Qian Long, ABB<\/li>\r\n<li>Rachel Anderson, RES<\/li>\r\n<li>Raimo Sakki, ABB<\/li>\r\n<li>Ramana Budha, Jacobs<\/li>\r\n<li>Ranjit Mene, RINA<\/li>\r\n<li>Rasoul Shirzadeh, Parkwind<\/li>\r\n<li>Reinier Dick, Peterson Den Helder B.V.<\/li>\r\n<li>Reza Yazdanpanah, University of Strathclyde<\/li>\r\n<li>Riccardo Longo, WindEurope<\/li>\r\n<li>Robin Elliott, ONYX Insight<\/li>\r\n<li>Roger Drobietz, GE Vernova<\/li>\r\n<li>Salma Chfig, Sereema<\/li>\r\n<li>Salma Yahiaoui, AKROCEAN<\/li>\r\n<li>Sandrine Aubrun, Ecole Centrale Nantes<\/li>\r\n<li>Sandro Di Noi, RWE<\/li>\r\n<li>Sarah Barber, Eastern Switzerland University of Applied Sciences<\/li>\r\n<li>Sarah Marshall, RWE<\/li>\r\n<li>Sascha Hillenbrand, ABB<\/li>\r\n<li>Serena Negrente, EDF RENOUVELABLES<\/li>\r\n<li>Sergio Sousa, QUADRANTE GLOBAL<\/li>\r\n<li>Sevinc Rustemoglu, Nordex<\/li>\r\n<li>Shadan Mozafari, DNV<\/li>\r\n<li>Shahrooz Shoghi Rezvani, RWE<\/li>\r\n<li>Shradha Singh, GE Vernova<\/li>\r\n<li>Simon Watson, TU Delft<\/li>\r\n<li>Sofia Koukoura, ScottishPower Renewables<\/li>\r\n<li>Soledad Sanz, Iberdrola Renewables<\/li>\r\n<li>Sonia Garc\u00eda, Foundation Tecnalia Research and Innovation<\/li>\r\n<li>Stefan Ehlers, Zephyros Ocean GmbH<\/li>\r\n<li>Stephan Barth, ForWind &#8211; Center for Wind Energy Research<\/li>\r\n<li>St\u00e9phane Toumit, BW Ideol<\/li>\r\n<li>Suzy Wu, Vattenfall<\/li>\r\n<li>Thibaud Uhl, ENGIE<\/li>\r\n<li>Tim Camp, Offshore Wind Consultants Ltd.<\/li>\r\n<li>Tim Rubert, RWE<\/li>\r\n<li>Tushar Shah, Sentric Safety Group<\/li>\r\n<li>Ugne Supranaviciene, Ignitis Renewables<\/li>\r\n<li>Vidar Onarheim, Zephyros Ocean GmbH<\/li>\r\n<li>Vidushi Dembi, WindEurope<\/li>\r\n<li>Wen Wu, EDF RENOUVELABLES<\/li>\r\n<li>Wiebke Langreder, EMD INternational A\/S<\/li>\r\n<li>William Jones, BW Ideol<\/li>\r\n<li>Wouter Haans, Shell<\/li>\r\n<li>Yaeli Rosenberg, ECOncrete<\/li>\r\n<li>Zhi Liang, VAISALA<\/li>\r\nMari\u00eblle de Sain , Pondera Consult<\/li>\r\nPierre Stephan, EDF RENOUVELABLES<\/li>\r\n\r\n\r\n<\/ul>\r\n<\/section>\r\n\r\n<section class=\"inner\">\r\n<h3>Scientific abstract reviewers<\/h3>\r\n<ul>\r\n<li>Abbas Kazemi Amiri, Strathclyde University<\/li>\r\n<li>Ahmed Mujtaba, Vrije Universiteit Brussel<\/li>\r\n<li>Aida Castro, Iberdrola Renewables<\/li>\r\n<li>Alexander M. Forsting, DTU Wind and Energy Systems<\/li>\r\n<li>Ali Dibaj, NTNU<\/li>\r\n<li>Amir Nejad, NTNU<\/li>\r\n<li>Anders S. Olsen, DTU Wind and Energy Systems<\/li>\r\n<li>Andreas Vlamakis, Hellenic Wind Energy Association<\/li>\r\n<li>Antonella Goros\u00e1bel, University of Copenhagen<\/li>\r\n<li>Ashkan Razaei, NTNU<\/li>\r\n<li>Bart\u0142omiej Jerzak, Ambiens LLC<\/li>\r\n<li>Beatriz Mendez Lopez, CENER<\/li>\r\n<li>Bernhard Stoevesandt, Fraunhofer IWES<\/li>\r\n<li>Bruno Faria, Technical University of Denmark<\/li>\r\n<li>Carlos Oliveira, Fibersail<\/li>\r\n<li>Christian Hollas, Chair for Wind Power Drives (CWD) of RWTH Aachen University<\/li>\r\n<li>Cl\u00e9ment Jacquet, EPRI Europe<\/li>\r\n<li>Danka Veljkovic, Electricity Coordinating Center (EKC), Belgrade<\/li>\r\n<li>Davide Astolfi, University of Brescia<\/li>\r\n<li>Diederik Van Binsbergen, Norwegian University of Science and Technology<\/li>\r\n<li>Dirk van Binsbergen, NTNU<\/li>\r\n<li>Djordy Van Maele, Ghent University<\/li>\r\n<li>Donatella Zappala, TU Delft<\/li>\r\n<li>Erin Bachynski-polic, NTNU<\/li>\r\n<li>Fabrice Guillemin, IFP Energies nouvelles<\/li>\r\n<li>Felix Fliegner, TU Dresden<\/li>\r\n<li>Florian Hammer, Eastern Switzerland University of Applied Sciences<\/li>\r\n<li>Fergal O&#8217;Rourke, DkIT<\/li>\r\n<li>Francisco de Nolasco Santos, OWI-Lab, Vrije Universiteit Brussel<\/li>\r\n<li>Georges Kariniotakis, MINES ParisTech<\/li>\r\n<li>Ginka Yankova, DTU Wind and Energy Systems<\/li>\r\n<li>Hassan Kassem, Fraunhofer IWES<\/li>\r\n<li>Ioanna Eleftheriou, ENTEKA SA<\/li>\r\n<li>Jacob Ladenburg, Technical University of Denmark, Department of Wind and Energy Systems<\/li>\r\n<li>Jakob Gebel, NTNU<\/li>\r\n<li>Jalal Heidari, Ghent University<\/li>\r\n<li>Jasper Kreeft, Shell<\/li>\r\n<li>Javier Del Real, SAITEC<\/li>\r\n<li>Jean Carlos Poletto, Ghent University<\/li>\r\n<li>Jens Kober, Delft University of Technology<\/li>\r\n<li>Jesse Hummel, Delft University of Technology<\/li>\r\n<li>Joana Martins, Fibersail<\/li>\r\n<li>Joep Breuer, TNO<\/li>\r\n<li>Julia Gottschall, Fraunhofer IWES<\/li>\r\n<li>Julien Deparday, OST \u2013 Eastern Switzerland University of Applied Sciences<\/li>\r\n<li>Kaushik Das, DTU Wind<\/li>\r\n<li>Kayacan Kestel, Vrije Universiteit Brussel<\/li>\r\n<li>Kally Tartt, University of Strathclyde<\/li>\r\n<li>Kenneth Bisgaard Christensen, The European Organization for Nuclear Research (CERN)<\/li>\r\n<li>Koen Robbelein, 24SEA<\/li>\r\n<li>Krzysztof Szczepaniec, Dundalk Institute of Technology<\/li>\r\n<li>Lars Fr\u00f8yd, 4Subsea<\/li>\r\n<li>Lena Kitzing, Technical University of Denmark<\/li>\r\n<li>Lisbeth Damsgaard J\u00f8rgensen, WWF Denmark<\/li>\r\n<li>Liv Stranddorf, Vattenfall<\/li>\r\n<li>Lucas Blickwedel, Center for Wind Power Drives<\/li>\r\n<li>Markel Penalba, Mondragon University<\/li>\r\n<li>Martha Kofod, Technical University of Denmark<\/li>\r\n<li>Martin Doerenkaemper, Fraunhofer IWES<\/li>\r\n<li>Max Bruninx, Vrije Universiteit Brussel<\/li>\r\n<li>Mehrdad Amiri, Stuttgart Un.<\/li>\r\n<li>Michael Courtney, DTU<\/li>\r\n<li>Michiel Zaaijer, TU Delft, Faculty of Aerospace Engineering<\/li>\r\n<li>Mihaela Ibrion, NTNU<\/li>\r\n<li>Miroslav Zerajic, University of Belgrade, School of electrical engineering<\/li>\r\n<li>Mohammad Hedayatzadeh, Technical University of Denmark, Department of Wind and Energy Systems<\/li>\r\n<li>Nandar Hlaing, OWI-Lab, Vrije Universiteit Brussel<\/li>\r\n<li>Nezmin Kayedpour, Ghent University<\/li>\r\n<li>Nicolaos A.   Cutululis, DTU Wind<\/li>\r\n<li>Nicoline Sachmann, Technical University of Denmark<\/li>\r\n<li>Niels N. S\u00f8rensen, DTU Wind and Energy Systems<\/li>\r\n<li>Omer  siddiqui, NTNU<\/li>\r\n<li>Panagiotis Konis, 24SEA<\/li>\r\n<li>Po Wen Cheng, Stuttgart Un.<\/li>\r\n<li>Rebeca Marini, Vrije Universiteit Brussel<\/li>\r\n<li>Rui Figueiredo, Fibersail<\/li>\r\n<li>Sam Williams, RWE Offshore Wind GmbH<\/li>\r\n<li>Sarah Barber, Eastern Switzerland University of Applied Science<\/li>\r\n<li>Sebastiaan P. Mulders, TU Delft<\/li>\r\n<li>Sevie Dima, ENTEKA SA<\/li>\r\n<li>Simon Watson, TU Delft<\/li>\r\n<li>Stephan Barth, ForWind &#8211; Center for Wind Energy Research<\/li>\r\n<li>Stijn Ally, Vrije Universiteit Brussel<\/li>\r\n<li>Sumit Pal, TU Delft<\/li>\r\n<li>Thorsten Reichartz, Center for Wind Power Drives<\/li>\r\n<li>Wout Weijtjens, OWI-Lab, Vrije Universiteit Brussel<\/li>\r\n<li>Xavier Chesterman, Vrije Universiteit Brussel<\/li>\r\n<li>Xiaodong Jia, Technical University of Denmark, Department of Wind and Energy Systems<\/li>\r\n<li>Yerai Pe\u00f1a-Sanchez, Mondragon Unibertsitatea<\/li>\r\n<li>Yuko Takeyama, Tokyo University of Marine Science and Technology<\/li>\r\n<li>Zahra Lakdawala, Fraunhofer IWES<\/li>\r\n\r\n<\/ul>\r\n<\/section>\r\n","protected":false},"excerpt":{"rendered":"<p>WindEurope would like to thank the members of the Programme Committee and the abstract reviewers for their time and expertise, resulting in high-quality sessions and posters. Technical and Scientific Programme Committee Amir R. Nejad, NTNU Arne Koerber, GE Vernova Carolina Garcia Barquero, Siemens Gamesa Renewable Energy David Howell, Birdlife Didier Mallieu, Hitachi Energy Eliana Mayall, [&hellip;]<\/p>\n","protected":false},"author":6,"featured_media":0,"parent":145,"menu_order":16,"comment_status":"closed","ping_status":"closed","template":"","meta":{"footnotes":""},"categories":[],"tags":[],"class_list":["post-982","page","type-page","status-publish","hentry"],"yoast_head":"<!-- This site is optimized with the Yoast SEO Premium plugin v23.3 (Yoast SEO v24.8.1) - https:\/\/yoast.com\/wordpress\/plugins\/seo\/ -->\n<title>Programme Committee &amp; abstracts reviewers - WindEurope Annual Event 2025<\/title>\n<meta name=\"robots\" content=\"index, follow, max-snippet:-1, max-image-preview:large, max-video-preview:-1\" \/>\n<link rel=\"canonical\" href=\"https:\/\/windeurope.org\/annual2025\/conference\/programme-committee-and-abstracts-reviewers\/\" \/>\n<meta property=\"og:locale\" content=\"en_US\" \/>\n<meta property=\"og:type\" content=\"article\" \/>\n<meta property=\"og:title\" content=\"Programme Committee &amp; abstracts reviewers\" \/>\n<meta property=\"og:description\" content=\"WindEurope would like to thank the members of the Programme Committee and the abstract reviewers for their time and expertise, resulting in high-quality sessions and posters. Technical and Scientific Programme Committee Amir R. Nejad, NTNU Arne Koerber, GE Vernova Carolina Garcia Barquero, Siemens Gamesa Renewable Energy David Howell, Birdlife Didier Mallieu, Hitachi Energy Eliana Mayall, [&hellip;]\" \/>\n<meta property=\"og:url\" content=\"https:\/\/windeurope.org\/annual2025\/conference\/programme-committee-and-abstracts-reviewers\/\" \/>\n<meta property=\"og:site_name\" content=\"WindEurope Annual Event 2025\" \/>\n<meta property=\"article:modified_time\" content=\"2024-12-17T15:14:04+00:00\" \/>\n<meta name=\"twitter:card\" content=\"summary_large_image\" \/>\n<meta name=\"twitter:label1\" content=\"Est. reading time\" \/>\n\t<meta name=\"twitter:data1\" content=\"8 minutes\" \/>\n<script type=\"application\/ld+json\" class=\"yoast-schema-graph\">{\"@context\":\"https:\/\/schema.org\",\"@graph\":[{\"@type\":\"WebPage\",\"@id\":\"https:\/\/windeurope.org\/annual2025\/conference\/programme-committee-and-abstracts-reviewers\/\",\"url\":\"https:\/\/windeurope.org\/annual2025\/conference\/programme-committee-and-abstracts-reviewers\/\",\"name\":\"Programme Committee & abstracts reviewers - WindEurope Annual Event 2025\",\"isPartOf\":{\"@id\":\"https:\/\/windeurope.org\/annual2025\/#website\"},\"datePublished\":\"2024-12-10T16:11:14+00:00\",\"dateModified\":\"2024-12-17T15:14:04+00:00\",\"breadcrumb\":{\"@id\":\"https:\/\/windeurope.org\/annual2025\/conference\/programme-committee-and-abstracts-reviewers\/#breadcrumb\"},\"inLanguage\":\"en-US\",\"potentialAction\":[{\"@type\":\"ReadAction\",\"target\":[\"https:\/\/windeurope.org\/annual2025\/conference\/programme-committee-and-abstracts-reviewers\/\"]}]},{\"@type\":\"BreadcrumbList\",\"@id\":\"https:\/\/windeurope.org\/annual2025\/conference\/programme-committee-and-abstracts-reviewers\/#breadcrumb\",\"itemListElement\":[{\"@type\":\"ListItem\",\"position\":1,\"name\":\"Home\",\"item\":\"https:\/\/windeurope.org\/annual2025\/\"},{\"@type\":\"ListItem\",\"position\":2,\"name\":\"Conference\",\"item\":\"https:\/\/windeurope.org\/annual2025\/conference\/\"},{\"@type\":\"ListItem\",\"position\":3,\"name\":\"Programme Committee &#038; abstracts reviewers\"}]},{\"@type\":\"WebSite\",\"@id\":\"https:\/\/windeurope.org\/annual2025\/#website\",\"url\":\"https:\/\/windeurope.org\/annual2025\/\",\"name\":\"WindEurope Annual Event 2025\",\"description\":\"Scale up, Electrify, Deliver&lt;br&gt;&lt;small&gt;&lt;small&gt;Putting wind at the heart of Europe\u2019s competitiveness&lt;\/small&gt;&lt;\/small&gt;\",\"potentialAction\":[{\"@type\":\"SearchAction\",\"target\":{\"@type\":\"EntryPoint\",\"urlTemplate\":\"https:\/\/windeurope.org\/annual2025\/?s={search_term_string}\"},\"query-input\":{\"@type\":\"PropertyValueSpecification\",\"valueRequired\":true,\"valueName\":\"search_term_string\"}}],\"inLanguage\":\"en-US\"}]}<\/script>\n<!-- \/ Yoast SEO Premium plugin. -->","yoast_head_json":{"title":"Programme Committee & abstracts reviewers - WindEurope Annual Event 2025","robots":{"index":"index","follow":"follow","max-snippet":"max-snippet:-1","max-image-preview":"max-image-preview:large","max-video-preview":"max-video-preview:-1"},"canonical":"https:\/\/windeurope.org\/annual2025\/conference\/programme-committee-and-abstracts-reviewers\/","og_locale":"en_US","og_type":"article","og_title":"Programme Committee & abstracts reviewers","og_description":"WindEurope would like to thank the members of the Programme Committee and the abstract reviewers for their time and expertise, resulting in high-quality sessions and posters. Technical and Scientific Programme Committee Amir R. Nejad, NTNU Arne Koerber, GE Vernova Carolina Garcia Barquero, Siemens Gamesa Renewable Energy David Howell, Birdlife Didier Mallieu, Hitachi Energy Eliana Mayall, [&hellip;]","og_url":"https:\/\/windeurope.org\/annual2025\/conference\/programme-committee-and-abstracts-reviewers\/","og_site_name":"WindEurope Annual Event 2025","article_modified_time":"2024-12-17T15:14:04+00:00","twitter_card":"summary_large_image","twitter_misc":{"Est. reading time":"8 minutes"},"schema":{"@context":"https:\/\/schema.org","@graph":[{"@type":"WebPage","@id":"https:\/\/windeurope.org\/annual2025\/conference\/programme-committee-and-abstracts-reviewers\/","url":"https:\/\/windeurope.org\/annual2025\/conference\/programme-committee-and-abstracts-reviewers\/","name":"Programme Committee & abstracts reviewers - WindEurope Annual Event 2025","isPartOf":{"@id":"https:\/\/windeurope.org\/annual2025\/#website"},"datePublished":"2024-12-10T16:11:14+00:00","dateModified":"2024-12-17T15:14:04+00:00","breadcrumb":{"@id":"https:\/\/windeurope.org\/annual2025\/conference\/programme-committee-and-abstracts-reviewers\/#breadcrumb"},"inLanguage":"en-US","potentialAction":[{"@type":"ReadAction","target":["https:\/\/windeurope.org\/annual2025\/conference\/programme-committee-and-abstracts-reviewers\/"]}]},{"@type":"BreadcrumbList","@id":"https:\/\/windeurope.org\/annual2025\/conference\/programme-committee-and-abstracts-reviewers\/#breadcrumb","itemListElement":[{"@type":"ListItem","position":1,"name":"Home","item":"https:\/\/windeurope.org\/annual2025\/"},{"@type":"ListItem","position":2,"name":"Conference","item":"https:\/\/windeurope.org\/annual2025\/conference\/"},{"@type":"ListItem","position":3,"name":"Programme Committee &#038; abstracts reviewers"}]},{"@type":"WebSite","@id":"https:\/\/windeurope.org\/annual2025\/#website","url":"https:\/\/windeurope.org\/annual2025\/","name":"WindEurope Annual Event 2025","description":"Scale up, Electrify, Deliver&lt;br&gt;&lt;small&gt;&lt;small&gt;Putting wind at the heart of Europe\u2019s competitiveness&lt;\/small&gt;&lt;\/small&gt;","potentialAction":[{"@type":"SearchAction","target":{"@type":"EntryPoint","urlTemplate":"https:\/\/windeurope.org\/annual2025\/?s={search_term_string}"},"query-input":{"@type":"PropertyValueSpecification","valueRequired":true,"valueName":"search_term_string"}}],"inLanguage":"en-US"}]}},"_links":{"self":[{"href":"https:\/\/windeurope.org\/annual2025\/wp-json\/wp\/v2\/pages\/982","targetHints":{"allow":["GET"]}}],"collection":[{"href":"https:\/\/windeurope.org\/annual2025\/wp-json\/wp\/v2\/pages"}],"about":[{"href":"https:\/\/windeurope.org\/annual2025\/wp-json\/wp\/v2\/types\/page"}],"author":[{"embeddable":true,"href":"https:\/\/windeurope.org\/annual2025\/wp-json\/wp\/v2\/users\/6"}],"replies":[{"embeddable":true,"href":"https:\/\/windeurope.org\/annual2025\/wp-json\/wp\/v2\/comments?post=982"}],"version-history":[{"count":12,"href":"https:\/\/windeurope.org\/annual2025\/wp-json\/wp\/v2\/pages\/982\/revisions"}],"predecessor-version":[{"id":1016,"href":"https:\/\/windeurope.org\/annual2025\/wp-json\/wp\/v2\/pages\/982\/revisions\/1016"}],"up":[{"embeddable":true,"href":"https:\/\/windeurope.org\/annual2025\/wp-json\/wp\/v2\/pages\/145"}],"wp:attachment":[{"href":"https:\/\/windeurope.org\/annual2025\/wp-json\/wp\/v2\/media?parent=982"}],"wp:term":[{"taxonomy":"category","embeddable":true,"href":"https:\/\/windeurope.org\/annual2025\/wp-json\/wp\/v2\/categories?post=982"},{"taxonomy":"post_tag","embeddable":true,"href":"https:\/\/windeurope.org\/annual2025\/wp-json\/wp\/v2\/tags?post=982"}],"curies":[{"name":"wp","href":"https:\/\/api.w.org\/{rel}","templated":true}]}}