{"id":707,"date":"2023-11-14T17:29:27","date_gmt":"2023-11-14T16:29:27","guid":{"rendered":"https:\/\/windeurope.org\/annual2024\/?page_id=707"},"modified":"2023-12-13T17:00:06","modified_gmt":"2023-12-13T16:00:06","slug":"programme-committee-and-abstracts-reviewers","status":"publish","type":"page","link":"https:\/\/windeurope.org\/annual2024\/programme-committee-and-abstracts-reviewers\/","title":{"rendered":"Programme Committee &#038; abstracts reviewers"},"content":{"rendered":"<section class=\"inner\">\r\n<div class=\"alert alert-info\"><p>WindEurope would like to thank the members of the Programme Committee and the abstract reviewers for their time and expertise, resulting in high-quality sessions and posters.<\/p><\/div>\r\n<\/section>\r\n\r\n<section class=\"inner\" id=\"committee\">\r\n<h3>Technical and Scientific Programme Committee<\/h3>\r\n<ul>\r\n<li>Abbas Mehrad Kazemi Amiri, University of Strathclyde<\/li>\r\n<li>Amir R. Nejad, NTNU<\/li>\r\n<li>Athanasios Kolios, DTU<\/li>\r\n<li>Carla Freund, NABU<\/li>\r\n<li>Carlos Guti\u00e9rrez S\u00e1nchez del R\u00edo, Repsol<\/li>\r\n<li>Carol Yan, AWS<\/li>\r\n<li>Cordula Hornung, Enercon<\/li>\r\n<li>Didier Mallieu, Hitachi Energy<\/li>\r\n<li>Elena Gonzalez, Iberdrola\/ScottishPower Renewables\r\n<li>Eva Julius-Philipp, Vattenfall<\/li>\r\n<li>Georges Kariniotakis, MINES ParisTech<\/li>\r\n<li>James Carroll, University of Strathclyde<\/li>\r\n<li>Jan Helsen, VUB<\/li>\r\n<li>John Korsgaard, LM Wind Power<\/li>\r\n<li>Julia Gottschall, Fraunhofer IWES<\/li>\r\n<li>Kristen Skelton, GE Vernova<\/li>\r\n<li>Lars Landberg, DNV<\/li>\r\n<li>Lene Hellstern, Peak Wind<\/li>\r\n<li>Mike Anderson, Chairman, ETIPWind Advisory Group<\/li>\r\n<li>Miriam Marchante Jim\u00e9nez, \u00d8rsted<\/li>\r\n<li>Nicolaos Cutululis, DTU<\/li>\r\n<li>Nicolas Qui\u00e9vy, ENGIE<\/li>\r\n<li>Oscar Diaz, Ocean Winds<\/li>\r\n<li>Pablo Montori, Siemens Gamesa Renewable Energy<\/li>\r\n<li>Pep Moreno, Vortex<\/li>\r\n<li>Pieter de Jong, RWE<\/li>\r\n<li>Sarah Barber, OST University<\/li>\r\n<li>Simon Watson, TU Delft<\/li>\r\n<li>Stephan Barth, ForWind &#8211; Center for Wind Energy Research<\/li>\r\n\r\n\r\n<\/ul>\r\n<\/section>\r\n\r\n<section class=\"inner\" id=\"reviewers\">\r\n<h3>Industry abstract reviewers<\/h3>\r\n<ul>\r\n<li>Abbas Mehrad Kazemi Amiri, University of Strathclyde<\/li>\r\n<li>Alberto Barcia Gonzalez, Ingeteam Power Technology S.A.<\/li>\r\n<li>Alejandro Abascal, Iberdrola Renewables<\/li>\r\n<li>Amaia Gonz\u00e1lez-Garrido, TECNALIA<\/li>\r\n<li>Amilcar Zambrano Larrazabal, DNV<\/li>\r\n<li>Ander Zubiria, TECNALIA<\/li>\r\n<li>Andrei Utkin, S&#038;P Global<\/li>\r\n<li>Andrew Black, Vaisala<\/li>\r\n<li>Andrew Henderson, Copenhagen Offshore Partners<\/li>\r\n<li>Andrew Oliver, RES<\/li>\r\n<li>\u00c1ngela Angulo, ScottishPower Renewables<\/li>\r\n<li>Anthony Crockford, Power Factors<\/li>\r\n<li>Ant\u00f3nio do Esp\u00edrito Santo Brito, SU ELETRICIDADE SA<\/li>\r\n<li>Aurelien Leridon, Technip Energies<\/li>\r\n<li>Bart\u0142omiej Jerzak, Ambiens Sp. z o. o.<\/li>\r\n<li>Benjamin Mauries, Saipem<\/li>\r\n<li>Bert Verdyck, ZF Wind Power Antwerpen<\/li>\r\n<li>Carla Freund, NABU<\/li>\r\n<li>Carla Ribeiro, Ramboll<\/li>\r\n<li>Carlos Gutierrez Sanchez Del Rio, REPSOL Renewables<\/li>\r\n<li>Carlos Madina, TECNALIA<\/li>\r\n<li>Carolin Schmitt, EnBW Energie Baden-W\u00fcrttemberg AG<\/li>\r\n<li>Carolina Garcia Barquero, Siemens Gamesa Renewable Energy<\/li>\r\n<li>C\u00e9dric Eneau, TotalEnergies OneTech<\/li>\r\n<li>Celine Bezault, Utopus Insights<\/li>\r\n<li>Charlotte Hasager, DTU Wind and Energy Systems<\/li>\r\n<li>Christian S\u00f8ndergaard, Siemens Gamesa Renewable Energy<\/li>\r\n<li>Christof Stork, DNV<\/li>\r\n<li>Cipriano Cerro, ORMAZABAL<\/li>\r\n<li>Cl\u00e9ment Mochet, BlueFloat Energy<\/li>\r\n<li>Clym Stock-Williams, Vattenfall<\/li>\r\n<li>Cordula Hornung, Enercon<\/li>\r\n<li>Cristina Benzo, Vaisala<\/li>\r\n<li>Cyril Domenech, Schneider Electric<\/li>\r\n<li>Daire Horgan, Wind Energy Ireland<\/li>\r\n<li>David Futter, Bachmann Monitoring GmbH<\/li>\r\n<li>David Pullinger, RINA<\/li>\r\n<li>Diana Faifer, POM West-Vlaanderen<\/li>\r\n<li>Donatella Zappala, TU Delft<\/li>\r\n<li>Duncan Barker, Ignitis Renewables<\/li>\r\n<li>Edmond Coche, TotalEnergies<\/li>\r\n<li>Eeva Mikkola, VTT<\/li>\r\n<li>Elena Di Silvestro, ArcelorMittal<\/li>\r\n<li>Elvira Aliverdieva, Vaisala<\/li>\r\n<li>Emily Heintz, SkySpecs LLC<\/li>\r\n<li>Eva Julius-Philipp, Vattenfall<\/li>\r\n<li>Federico Fioretti, Enel Green Power<\/li>\r\n<li>Felix Schmitt, Green Giraffe<\/li>\r\n<li>Ferdy Hengeveld, Van Oord Offshore Wind BV<\/li>\r\n<li>Finn-Hendrik Andersen, Vestas Wind Systems<\/li>\r\n<li>Fiona Becker, ScottishPower Renewables<\/li>\r\n<li>Francesco Sacco, Eni Plenitude<\/li>\r\n<li>Francisco Valle, Enel Green Power<\/li>\r\n<li>Gabriel Aznar Lapuente, TECNALIA<\/li>\r\n<li>Gabriel Bonet Bra\u00f1a, ArcelorMittal<\/li>\r\n<li>Galyna Shmidt, Ukrainian Wind Energy Association<\/li>\r\n<li>Gayle Dixon, Mainstream Renewable Power<\/li>\r\n<li>Georges Kariniotakis, MINES Paris PSL<\/li>\r\n<li>Georgios Valsamakis, Alterric GmbH<\/li>\r\n<li>Gerd Petra Haugom, Mainstream Renewable Power<\/li>\r\n<li>German Perez, TECNALIA<\/li>\r\n<li>Germana Conte, Enel Green Power<\/li>\r\n<li>Giuseppe Ferraro, GreenPowerMonitor, a DNV company<\/li>\r\n<li>Goran Drobnjak, GE Vernova<\/li>\r\n<li>Gregor Giebel, DTU Wind and Energy Systems<\/li>\r\n<li>Guillermo Amann, ORMAZABAL<\/li>\r\n<li>Gustavo Chaqu\u00e9s, Siemens Gamesa Renewable Energy<\/li>\r\n<li>Harrison Alger, Havfram Wind AS<\/li>\r\n<li>Ian Gilbert, ORMAZABAL<\/li>\r\n<li>Iman El Gharamti, VTT<\/li>\r\n<li>Jacob Juhl Christensen, \u00d8rsted<\/li>\r\n<li>Jan Coelingh, Vattenfall<\/li>\r\n<li>Jan Tore Buttle-Ulvin, Norwegian Energy Partners (NORWEP)<\/li>\r\n<li>Javier L\u00e1zaro Serrano, APPA Renovables<\/li>\r\n<li>Javier Rodrigo, Siemens Gamesa Renewable Energy<\/li>\r\n<li>Jens Schreiber, enercast GmbH<\/li>\r\n<li>Jeremy Bass, RES<\/li>\r\n<li>Joel Manning, K2 Management Renewables Ltd.<\/li>\r\n<li>Joey Velarde, \u00d8rsted<\/li>\r\n<li>John Korsgaard, LM Wind Power<\/li>\r\n<li>Jonathan Glasspool, Mainstream Renewable Power<\/li>\r\n<li>Jonathan Weller, Vattenfall<\/li>\r\n<li>Jos\u00e9 Vidal, UL Solutions<\/li>\r\n<li>Juan Manuel Gracia Muro, Fundaci\u00f3n CENER<\/li>\r\n<li>Julia Gottschall, Fraunhofer Institute for Wind Energy Systems (IWES)<\/li>\r\n<li>julien Tissot, i4SEE TECH gmbh<\/li>\r\n<li>J\u00fcrgen Berlin, ENERCON<\/li>\r\n<li>Kader Vatansever, Sanko Enerji<\/li>\r\n<li>Kai Stoltz, GCE Ocean Technology<\/li>\r\n<li>Karen Anne Hutton, RES<\/li>\r\n<li>Katarzyna Ka\u017amierska, Maple Power Ltd.<\/li>\r\n<li>Ken Tay, DNV<\/li>\r\n<li>Koen Robbelein, OWI-Lab<\/li>\r\n<li>Lars Landberg, DNV<\/li>\r\n<li>Lene Hellstern, PEAK Wind<\/li>\r\n<li>Linda Strindevall, OX2<\/li>\r\n<li>Luca Santosuosso, MINES Paris PSL<\/li>\r\n<li>Ma\u00eblig Gaborieau, Spinergie<\/li>\r\n<li>Manuel Ancizu, Siemens Gamesa Renewable Energy<\/li>\r\n<li>Marc Smaluhn, ToolKitX<\/li>\r\n<li>Maria Castaldi, Vestas Wind Systems<\/li>\r\n<li>Marie Cathelain, Meteodyn<\/li>\r\n<li>Mari\u00eblle de Sain, Pondera Consult<\/li>\r\n<li>Marios Stanitsas, ABO Wind<\/li>\r\n<li>Matthieu Boquet, Vaisala<\/li>\r\n<li>Michael N\u00f8rtoft Frydensbjerg, Vattenfall<\/li>\r\n<li>Miguel \u00c1ngel Rodr\u00edguez L\u00f3pez, Acciona<\/li>\r\n<li>Mike Anderson, Chair ETIPWind Advisory Group<\/li>\r\n<li>Miren J. S\u00e1nchez, TECNALIA<\/li>\r\n<li>Miriam Marchante, \u00d8rsted<\/li>\r\n<li>Mobin Ojaghi, Black and Veatch<\/li>\r\n<li>Mouhamet Diallo, Tractebel Engie<\/li>\r\n<li>Neeraj Manelil, Fraunhofer Institute for Wind Energy Systems (IWES)<\/li>\r\n<li>Nicolas Qui\u00e9vy, ENGIE<\/li>\r\n<li>Nikolaos Stefanatos, CRES<\/li>\r\n<li>Olivier Pichery, Green Giraffe<\/li>\r\n<li>Orlando San Martin, Statkraft<\/li>\r\n<li>Ottelien Bossuyt, Tractebel<\/li>\r\n<li>Pablo Montori, Siemens Gamesa Renewable Energy<\/li>\r\n<li>Paolo Grossi, Galileo Green Energy<\/li>\r\n<li>Patrick Warren, Mainstream Renewable Power<\/li>\r\n<li>Pawe\u0142 Mawduk, Polenergia S.A.<\/li>\r\n<li>Pedro Santos, DHI<\/li>\r\n<li>Pep Moreno, Vortex<\/li>\r\n<li>Peter Frohboese, DNV<\/li>\r\n<li>Peter Spengemann, wpd windmanager GmbH &#038; Co. KG<\/li>\r\n<li>Phil Cole, WindEurope<\/li>\r\n<li>Philip Bradstock, Bitbloom<\/li>\r\n<li>Pietro Di Modica, University of Strathclyde<\/li>\r\n<li>Priyank Maheshwari, TotalEnergies<\/li>\r\n<li>Raimo Sakki, ABB<\/li>\r\n<li>Rasmus Dovnborg Frederiksen, Siemens Gamesa Renewable Energy<\/li>\r\n<li>Rasoul Shirzadeh, Parkwind<\/li>\r\n<li>Ravi Singh, DNV<\/li>\r\n<li>Robin Elliott, ONYX Insight<\/li>\r\n<li>Salma Yahiaoui, AKROCEAN<\/li>\r\n<li>Sarah Barber, Eastern Switzerland University of Applied Sciences<\/li>\r\n<li>Saverio Ventrelli, Siemens Energy<\/li>\r\n<li>Serena Negrente, EDF<\/li>\r\n<li>Sevinc Rustemoglu, Nordex Svergie AB<\/li>\r\n<li>Simon Pautmeier, Siemens Gamesa Renewable Energy<\/li>\r\n<li>Simon Watson, TU Delft<\/li>\r\n<li>Sofia Koukoura, ScottishPower Renewables<\/li>\r\n<li>Soheil Pouraltafi-Kheljan, DTU Wind and Energy Systems<\/li>\r\n<li>Soledad Sanz, Iberdrola Renewables<\/li>\r\n<li>Sonia Garc\u00eda-Arrieta, TECNALIA<\/li>\r\n<li>Stephan Barth, ForWind &#8211; Center for Wind Energy Research<\/li>\r\n<li>Stuart Padget, Mainstream Renewable Power<\/li>\r\n<li>Suguang Dou, EDF<\/li>\r\n<li>Susie Naybour, ONYX Insight<\/li>\r\n<li>Sven Kossack, The Boston Consulting Group GmbH<\/li>\r\n<li>Tim Camp, Offshore Wind Consultants (OWC)<\/li>\r\n<li>Tim Rubert, RWE<\/li>\r\n<li>Tushar Shah, Sentric Safety Group \/ SERV TRAYVOU INTERVERROUILLAGE<\/li>\r\n<li>Wiebke Langreder, EMD International A\/S<\/li>\r\n<li>William Jones, BW Ideol<\/li>\r\n<li>Wolfgang Moser, RWE<\/li>\r\n<li>Zeynab Kaseb, TU Delft<\/li>\r\n<li>Zhi Liang, Vaisala<\/li>\r\n\r\n<\/ul>\r\n<\/section>\r\n\r\n<section class=\"inner\">\r\n<h3>Scientific abstract reviewers<\/h3>\r\n<ul>\r\n<<li>Abbas Kazemi Amiri, University of Strathclyde<\/li>\r\n<li>Ali Dibaj, NTNU<\/li>\r\n<li>Amir Nejad, NTNU<\/li>\r\n<li>Amrit Shankar Verma, <\/li>\r\n<li>Ashkan Rezaei, NTNU<\/li>\r\n<li>Athanasios Kolios, DTU<\/li>\r\n<li>Felix Mehlan, NTNU<\/li>\r\n<li>Georges Kariniotakis, MINES ParisTech<\/li>\r\n<li>Jakob Gebel, NTNU<\/li>\r\n<li>James Carroll, University of Strathclyde<\/li>\r\n<li>Jan Helsen, VUB<\/li>\r\n<li>Julia Gottschall, Fraunhofer IWES<\/li>\r\n<li>Kelly Tartt, University of Strathclyde<\/li>\r\n<li>Michaela Ibrion, NTNU<\/li>\r\n<li>Muhammad Omer Siddiqui\u00a0\u00a0\u00a0\u00a0\u00a0\u00a0\u00a0\u00a0, Fraunhofer IWES<\/li>\r\n<li>Nicolaos Cutululis, DTU<\/li>\r\n<li>Sarah Barber, OST University<\/li>\r\n<li>Simon Watson, TU Delft<\/li>\r\n<li>Stephan Barth, ForWind \u2013 Center for Wind Energy Research<\/li>\r\n<li>Veronica Liverud Krathe, NTNU<\/li>\r\n<li>Yuksel Alkarem, <\/li>\r\n\r\n<\/ul>\r\n<\/section>\r\n","protected":false},"excerpt":{"rendered":"<p>WindEurope would like to thank the members of the Programme Committee and the abstract reviewers for their time and expertise, resulting in high-quality sessions and posters. Technical and Scientific Programme Committee Abbas Mehrad Kazemi Amiri, University of Strathclyde Amir R. Nejad, NTNU Athanasios Kolios, DTU Carla Freund, NABU Carlos Guti\u00e9rrez S\u00e1nchez del R\u00edo, Repsol Carol [&hellip;]<\/p>\n","protected":false},"author":2,"featured_media":0,"parent":0,"menu_order":27,"comment_status":"closed","ping_status":"closed","template":"","meta":{"footnotes":""},"categories":[],"tags":[],"class_list":["post-707","page","type-page","status-publish","hentry"],"yoast_head":"<!-- This site is optimized with the Yoast SEO plugin v24.1 - https:\/\/yoast.com\/wordpress\/plugins\/seo\/ -->\n<title>Programme Committee &amp; abstracts reviewers - WindEurope Annual Event 2024<\/title>\n<meta name=\"robots\" content=\"index, follow, max-snippet:-1, max-image-preview:large, max-video-preview:-1\" \/>\n<link rel=\"canonical\" href=\"https:\/\/windeurope.org\/annual2024\/programme-committee-and-abstracts-reviewers\/\" \/>\n<meta property=\"og:locale\" content=\"en_US\" \/>\n<meta property=\"og:type\" content=\"article\" \/>\n<meta property=\"og:title\" content=\"Programme Committee &amp; abstracts reviewers - WindEurope Annual Event 2024\" \/>\n<meta property=\"og:description\" content=\"WindEurope would like to thank the members of the Programme Committee and the abstract reviewers for their time and expertise, resulting in high-quality sessions and posters. Technical and Scientific Programme Committee Abbas Mehrad Kazemi Amiri, University of Strathclyde Amir R. Nejad, NTNU Athanasios Kolios, DTU Carla Freund, NABU Carlos Guti\u00e9rrez S\u00e1nchez del R\u00edo, Repsol Carol [&hellip;]\" \/>\n<meta property=\"og:url\" content=\"https:\/\/windeurope.org\/annual2024\/programme-committee-and-abstracts-reviewers\/\" \/>\n<meta property=\"og:site_name\" content=\"WindEurope Annual Event 2024\" \/>\n<meta property=\"article:publisher\" content=\"https:\/\/www.facebook.com\/windeurope\" \/>\n<meta property=\"article:modified_time\" content=\"2023-12-13T16:00:06+00:00\" \/>\n<meta property=\"og:image\" content=\"https:\/\/windeurope.org\/annual2024\/wp-content\/uploads\/Annual2024-SM-Mockup-1200x675-20240122.jpg\" \/>\n\t<meta property=\"og:image:width\" content=\"1200\" \/>\n\t<meta property=\"og:image:height\" content=\"675\" \/>\n\t<meta property=\"og:image:type\" content=\"image\/jpeg\" \/>\n<meta name=\"twitter:card\" content=\"summary_large_image\" \/>\n<meta name=\"twitter:site\" content=\"@windeurope\" \/>\n<meta name=\"twitter:label1\" content=\"Est. reading time\" \/>\n\t<meta name=\"twitter:data1\" content=\"4 minutes\" \/>\n<script type=\"application\/ld+json\" class=\"yoast-schema-graph\">{\"@context\":\"https:\/\/schema.org\",\"@graph\":[{\"@type\":\"WebPage\",\"@id\":\"https:\/\/windeurope.org\/annual2024\/programme-committee-and-abstracts-reviewers\/\",\"url\":\"https:\/\/windeurope.org\/annual2024\/programme-committee-and-abstracts-reviewers\/\",\"name\":\"Programme Committee & abstracts reviewers - WindEurope Annual Event 2024\",\"isPartOf\":{\"@id\":\"https:\/\/windeurope.org\/annual2024\/#website\"},\"datePublished\":\"2023-11-14T16:29:27+00:00\",\"dateModified\":\"2023-12-13T16:00:06+00:00\",\"breadcrumb\":{\"@id\":\"https:\/\/windeurope.org\/annual2024\/programme-committee-and-abstracts-reviewers\/#breadcrumb\"},\"inLanguage\":\"en-US\",\"potentialAction\":[{\"@type\":\"ReadAction\",\"target\":[\"https:\/\/windeurope.org\/annual2024\/programme-committee-and-abstracts-reviewers\/\"]}]},{\"@type\":\"BreadcrumbList\",\"@id\":\"https:\/\/windeurope.org\/annual2024\/programme-committee-and-abstracts-reviewers\/#breadcrumb\",\"itemListElement\":[{\"@type\":\"ListItem\",\"position\":1,\"name\":\"Home\",\"item\":\"https:\/\/windeurope.org\/annual2024\/\"},{\"@type\":\"ListItem\",\"position\":2,\"name\":\"Programme Committee &#038; abstracts reviewers\"}]},{\"@type\":\"WebSite\",\"@id\":\"https:\/\/windeurope.org\/annual2024\/#website\",\"url\":\"https:\/\/windeurope.org\/annual2024\/\",\"name\":\"WindEurope Annual Event 2024\",\"description\":\"&lt;b&gt;&lt;em&gt;Our wind, our value&lt;\/em&gt;&lt;\/b&gt;&lt;br&gt;&lt;small style=&quot;font-size: 50%&quot;&gt;Creating value for Europe, living up to Europe&#039;s values&lt;\/small&gt;\",\"publisher\":{\"@id\":\"https:\/\/windeurope.org\/annual2024\/#organization\"},\"potentialAction\":[{\"@type\":\"SearchAction\",\"target\":{\"@type\":\"EntryPoint\",\"urlTemplate\":\"https:\/\/windeurope.org\/annual2024\/?s={search_term_string}\"},\"query-input\":{\"@type\":\"PropertyValueSpecification\",\"valueRequired\":true,\"valueName\":\"search_term_string\"}}],\"inLanguage\":\"en-US\"},{\"@type\":\"Organization\",\"@id\":\"https:\/\/windeurope.org\/annual2024\/#organization\",\"name\":\"WindEurope Annual Event 2024\",\"url\":\"https:\/\/windeurope.org\/annual2024\/\",\"logo\":{\"@type\":\"ImageObject\",\"inLanguage\":\"en-US\",\"@id\":\"https:\/\/windeurope.org\/annual2024\/#\/schema\/logo\/image\/\",\"url\":\"https:\/\/windeurope.org\/annual2024\/wp-content\/uploads\/WindEurope-SQ.gif\",\"contentUrl\":\"https:\/\/windeurope.org\/annual2024\/wp-content\/uploads\/WindEurope-SQ.gif\",\"width\":1000,\"height\":1000,\"caption\":\"WindEurope Annual Event 2024\"},\"image\":{\"@id\":\"https:\/\/windeurope.org\/annual2024\/#\/schema\/logo\/image\/\"},\"sameAs\":[\"https:\/\/www.facebook.com\/windeurope\",\"https:\/\/x.com\/windeurope\",\"https:\/\/www.linkedin.com\/company\/windeurope\/\",\"https:\/\/www.instagram.com\/windeurope\/\"]}]}<\/script>\n<!-- \/ Yoast SEO plugin. -->","yoast_head_json":{"title":"Programme Committee & abstracts reviewers - WindEurope Annual Event 2024","robots":{"index":"index","follow":"follow","max-snippet":"max-snippet:-1","max-image-preview":"max-image-preview:large","max-video-preview":"max-video-preview:-1"},"canonical":"https:\/\/windeurope.org\/annual2024\/programme-committee-and-abstracts-reviewers\/","og_locale":"en_US","og_type":"article","og_title":"Programme Committee & abstracts reviewers - WindEurope Annual Event 2024","og_description":"WindEurope would like to thank the members of the Programme Committee and the abstract reviewers for their time and expertise, resulting in high-quality sessions and posters. Technical and Scientific Programme Committee Abbas Mehrad Kazemi Amiri, University of Strathclyde Amir R. Nejad, NTNU Athanasios Kolios, DTU Carla Freund, NABU Carlos Guti\u00e9rrez S\u00e1nchez del R\u00edo, Repsol Carol [&hellip;]","og_url":"https:\/\/windeurope.org\/annual2024\/programme-committee-and-abstracts-reviewers\/","og_site_name":"WindEurope Annual Event 2024","article_publisher":"https:\/\/www.facebook.com\/windeurope","article_modified_time":"2023-12-13T16:00:06+00:00","og_image":[{"width":1200,"height":675,"url":"https:\/\/windeurope.org\/annual2024\/wp-content\/uploads\/Annual2024-SM-Mockup-1200x675-20240122.jpg","type":"image\/jpeg"}],"twitter_card":"summary_large_image","twitter_site":"@windeurope","twitter_misc":{"Est. reading time":"4 minutes"},"schema":{"@context":"https:\/\/schema.org","@graph":[{"@type":"WebPage","@id":"https:\/\/windeurope.org\/annual2024\/programme-committee-and-abstracts-reviewers\/","url":"https:\/\/windeurope.org\/annual2024\/programme-committee-and-abstracts-reviewers\/","name":"Programme Committee & abstracts reviewers - WindEurope Annual Event 2024","isPartOf":{"@id":"https:\/\/windeurope.org\/annual2024\/#website"},"datePublished":"2023-11-14T16:29:27+00:00","dateModified":"2023-12-13T16:00:06+00:00","breadcrumb":{"@id":"https:\/\/windeurope.org\/annual2024\/programme-committee-and-abstracts-reviewers\/#breadcrumb"},"inLanguage":"en-US","potentialAction":[{"@type":"ReadAction","target":["https:\/\/windeurope.org\/annual2024\/programme-committee-and-abstracts-reviewers\/"]}]},{"@type":"BreadcrumbList","@id":"https:\/\/windeurope.org\/annual2024\/programme-committee-and-abstracts-reviewers\/#breadcrumb","itemListElement":[{"@type":"ListItem","position":1,"name":"Home","item":"https:\/\/windeurope.org\/annual2024\/"},{"@type":"ListItem","position":2,"name":"Programme Committee &#038; abstracts reviewers"}]},{"@type":"WebSite","@id":"https:\/\/windeurope.org\/annual2024\/#website","url":"https:\/\/windeurope.org\/annual2024\/","name":"WindEurope Annual Event 2024","description":"&lt;b&gt;&lt;em&gt;Our wind, our value&lt;\/em&gt;&lt;\/b&gt;&lt;br&gt;&lt;small style=&quot;font-size: 50%&quot;&gt;Creating value for Europe, living up to Europe&#039;s values&lt;\/small&gt;","publisher":{"@id":"https:\/\/windeurope.org\/annual2024\/#organization"},"potentialAction":[{"@type":"SearchAction","target":{"@type":"EntryPoint","urlTemplate":"https:\/\/windeurope.org\/annual2024\/?s={search_term_string}"},"query-input":{"@type":"PropertyValueSpecification","valueRequired":true,"valueName":"search_term_string"}}],"inLanguage":"en-US"},{"@type":"Organization","@id":"https:\/\/windeurope.org\/annual2024\/#organization","name":"WindEurope Annual Event 2024","url":"https:\/\/windeurope.org\/annual2024\/","logo":{"@type":"ImageObject","inLanguage":"en-US","@id":"https:\/\/windeurope.org\/annual2024\/#\/schema\/logo\/image\/","url":"https:\/\/windeurope.org\/annual2024\/wp-content\/uploads\/WindEurope-SQ.gif","contentUrl":"https:\/\/windeurope.org\/annual2024\/wp-content\/uploads\/WindEurope-SQ.gif","width":1000,"height":1000,"caption":"WindEurope Annual Event 2024"},"image":{"@id":"https:\/\/windeurope.org\/annual2024\/#\/schema\/logo\/image\/"},"sameAs":["https:\/\/www.facebook.com\/windeurope","https:\/\/x.com\/windeurope","https:\/\/www.linkedin.com\/company\/windeurope\/","https:\/\/www.instagram.com\/windeurope\/"]}]}},"_links":{"self":[{"href":"https:\/\/windeurope.org\/annual2024\/wp-json\/wp\/v2\/pages\/707","targetHints":{"allow":["GET"]}}],"collection":[{"href":"https:\/\/windeurope.org\/annual2024\/wp-json\/wp\/v2\/pages"}],"about":[{"href":"https:\/\/windeurope.org\/annual2024\/wp-json\/wp\/v2\/types\/page"}],"author":[{"embeddable":true,"href":"https:\/\/windeurope.org\/annual2024\/wp-json\/wp\/v2\/users\/2"}],"replies":[{"embeddable":true,"href":"https:\/\/windeurope.org\/annual2024\/wp-json\/wp\/v2\/comments?post=707"}],"version-history":[{"count":3,"href":"https:\/\/windeurope.org\/annual2024\/wp-json\/wp\/v2\/pages\/707\/revisions"}],"predecessor-version":[{"id":1043,"href":"https:\/\/windeurope.org\/annual2024\/wp-json\/wp\/v2\/pages\/707\/revisions\/1043"}],"wp:attachment":[{"href":"https:\/\/windeurope.org\/annual2024\/wp-json\/wp\/v2\/media?parent=707"}],"wp:term":[{"taxonomy":"category","embeddable":true,"href":"https:\/\/windeurope.org\/annual2024\/wp-json\/wp\/v2\/categories?post=707"},{"taxonomy":"post_tag","embeddable":true,"href":"https:\/\/windeurope.org\/annual2024\/wp-json\/wp\/v2\/tags?post=707"}],"curies":[{"name":"wp","href":"https:\/\/api.w.org\/{rel}","templated":true}]}}